{"id":793,"date":"2021-07-27T20:33:18","date_gmt":"2021-07-27T18:33:18","guid":{"rendered":"https:\/\/www.gemsli.at\/?page_id=793"},"modified":"2025-12-13T21:48:07","modified_gmt":"2025-12-13T20:48:07","slug":"gemsli_marsch-raetikon-2-taegig","status":"publish","type":"page","link":"https:\/\/www.gemsli.at\/index.php\/sommerprogramm\/gemsli_marsch-raetikon-2-taegig\/","title":{"rendered":"Gemsli_Marsch R\u00e4tikon: 2-t\u00e4gig"},"content":{"rendered":"\n<h2 class=\"wp-block-heading\">Aussichtsreiche zweit\u00e4gige Wanderung am Fu\u00dfe der Kalkgebirge des R\u00e4tikon<\/h2>\n\n\n\n<p><strong>Termin<\/strong> &#8211; individuell auf Anfrage<br>Wandersaison Juli bis September<br><em>Einsteiger:innen\/Fortgeschrittene<\/em><\/p>\n\n\n\n<p>Wolltest du schon immer einmal eine H\u00fcttenwanderung machen und das besondere Gef\u00fchl erleben, hoch oben in den Bergen in einer H\u00fctte zu \u00fcbernachten?<br>Dann ist jetzt der perfekte Moment \u2013 komm mit mir auf H\u00fcttentour.<br><br>Am ersten Tag wandern wir durch einen der sch\u00f6nsten Talabschlusse der Alpen zur Lindauer Hu\u0308tte und genie\u00dfen das Gipfelglu\u0308ck auf der Gei\u00dfspitze. Im Anschluss lassen wir den Tag mit herrlicher Aussicht auf der Hu\u0308tte ausklingen.<\/p>\n\n\n\n<p>Am zweiten Tag werden wir mit einem weitl\u00e4ufigen Bergpanorama vom R\u00e4tikon bis in die Schweiz und einem Blick auf die Perle der Ostalpen belohnt. Wir wandern u\u0308ber den \u00d6fapass zum bekannten Schweizer Tor am Fu\u00dfe der markanten Drusenfluh und der Kirchlispitzen und genie\u00dfen eine atemberaubende Aussicht bis in die Schweiz.<br>\u00dcber das Verajoch gelangen wir zu der Perle der Ostalpen, den Lu\u0308nersee. Wer noch nicht genug vom Staunen und Genie\u00dfen hat, erklimmt mit mir noch einen meiner absoluten Lieblingsgipfel, den Schafgafall. <\/p>\n\n\n\n<p>Lass Dich von den markanten Bergen des R\u00e4tikon begeistern, erfahre n\u00e4heres u\u0308ber die umliegenden Berge und die Schmuggler. Gerne u\u0308berrasche ich dich mit selbstgemachten K\u00f6stlichkeiten und einem Ausblick der verzaubert.<\/p>\n\n\n\n<figure class=\"wp-block-gallery has-nested-images columns-default is-cropped wp-block-gallery-1 is-layout-flex wp-block-gallery-is-layout-flex\">\n<figure class=\"wp-block-image size-large\"><img loading=\"lazy\" decoding=\"async\" width=\"2560\" height=\"1707\" data-id=\"2714\" src=\"https:\/\/www.gemsli.at\/wp-content\/uploads\/2024\/12\/IMG_0455-scaled.jpg\" alt=\"\" class=\"wp-image-2714\" srcset=\"https:\/\/www.gemsli.at\/wp-content\/uploads\/2024\/12\/IMG_0455-scaled.jpg 2560w, https:\/\/www.gemsli.at\/wp-content\/uploads\/2024\/12\/IMG_0455-300x200.jpg 300w, https:\/\/www.gemsli.at\/wp-content\/uploads\/2024\/12\/IMG_0455-1024x683.jpg 1024w, https:\/\/www.gemsli.at\/wp-content\/uploads\/2024\/12\/IMG_0455-768x512.jpg 768w, https:\/\/www.gemsli.at\/wp-content\/uploads\/2024\/12\/IMG_0455-1536x1024.jpg 1536w, https:\/\/www.gemsli.at\/wp-content\/uploads\/2024\/12\/IMG_0455-2048x1365.jpg 2048w\" sizes=\"auto, (max-width: 767px) 89vw, (max-width: 1000px) 54vw, (max-width: 1071px) 543px, 580px\" \/><\/figure>\n\n\n\n<figure class=\"wp-block-image size-large\"><img loading=\"lazy\" decoding=\"async\" width=\"2560\" height=\"1707\" data-id=\"2715\" src=\"https:\/\/www.gemsli.at\/wp-content\/uploads\/2024\/12\/IMG_0423-scaled.jpg\" alt=\"\" class=\"wp-image-2715\" srcset=\"https:\/\/www.gemsli.at\/wp-content\/uploads\/2024\/12\/IMG_0423-scaled.jpg 2560w, https:\/\/www.gemsli.at\/wp-content\/uploads\/2024\/12\/IMG_0423-300x200.jpg 300w, https:\/\/www.gemsli.at\/wp-content\/uploads\/2024\/12\/IMG_0423-1024x683.jpg 1024w, https:\/\/www.gemsli.at\/wp-content\/uploads\/2024\/12\/IMG_0423-768x512.jpg 768w, https:\/\/www.gemsli.at\/wp-content\/uploads\/2024\/12\/IMG_0423-1536x1024.jpg 1536w, https:\/\/www.gemsli.at\/wp-content\/uploads\/2024\/12\/IMG_0423-2048x1365.jpg 2048w\" sizes=\"auto, (max-width: 767px) 89vw, (max-width: 1000px) 54vw, (max-width: 1071px) 543px, 580px\" \/><\/figure>\n\n\n\n<figure class=\"wp-block-image size-large\"><img loading=\"lazy\" decoding=\"async\" width=\"2560\" height=\"1707\" data-id=\"2716\" src=\"https:\/\/www.gemsli.at\/wp-content\/uploads\/2024\/12\/IMG_0386-scaled.jpg\" alt=\"\" class=\"wp-image-2716\" srcset=\"https:\/\/www.gemsli.at\/wp-content\/uploads\/2024\/12\/IMG_0386-scaled.jpg 2560w, https:\/\/www.gemsli.at\/wp-content\/uploads\/2024\/12\/IMG_0386-300x200.jpg 300w, https:\/\/www.gemsli.at\/wp-content\/uploads\/2024\/12\/IMG_0386-1024x683.jpg 1024w, https:\/\/www.gemsli.at\/wp-content\/uploads\/2024\/12\/IMG_0386-768x512.jpg 768w, https:\/\/www.gemsli.at\/wp-content\/uploads\/2024\/12\/IMG_0386-1536x1024.jpg 1536w, https:\/\/www.gemsli.at\/wp-content\/uploads\/2024\/12\/IMG_0386-2048x1365.jpg 2048w\" sizes=\"auto, (max-width: 767px) 89vw, (max-width: 1000px) 54vw, (max-width: 1071px) 543px, 580px\" \/><\/figure>\n\n\n\n<figure class=\"wp-block-image size-large\"><img loading=\"lazy\" decoding=\"async\" width=\"2560\" height=\"1707\" data-id=\"2717\" src=\"https:\/\/www.gemsli.at\/wp-content\/uploads\/2024\/12\/IMG_0240-scaled.jpg\" alt=\"\" class=\"wp-image-2717\" srcset=\"https:\/\/www.gemsli.at\/wp-content\/uploads\/2024\/12\/IMG_0240-scaled.jpg 2560w, https:\/\/www.gemsli.at\/wp-content\/uploads\/2024\/12\/IMG_0240-300x200.jpg 300w, https:\/\/www.gemsli.at\/wp-content\/uploads\/2024\/12\/IMG_0240-1024x683.jpg 1024w, https:\/\/www.gemsli.at\/wp-content\/uploads\/2024\/12\/IMG_0240-768x512.jpg 768w, https:\/\/www.gemsli.at\/wp-content\/uploads\/2024\/12\/IMG_0240-1536x1024.jpg 1536w, https:\/\/www.gemsli.at\/wp-content\/uploads\/2024\/12\/IMG_0240-2048x1365.jpg 2048w\" sizes=\"auto, (max-width: 767px) 89vw, (max-width: 1000px) 54vw, (max-width: 1071px) 543px, 580px\" \/><\/figure>\n<\/figure>\n\n\n\n<p><strong>Treffpunkt nach Voranmeldung:<\/strong><br>09:00 Uhr, Latschau Wanderparkplatz<br><strong>Tag 1:<\/strong> ca. 5 Stunden, 1350 hm, 10 km<br><strong>Tag 2:<\/strong> ca. 6,5 Stunden, 1200 hm, 13 km<br><strong>Preis:<\/strong> \u20ac 210 pro Person*<\/p>\n\n\n\n<p>Termin und Anmeldung auf Anfrage<\/p>\n\n\n\n<div class=\"wp-block-buttons is-layout-flex wp-block-buttons-is-layout-flex\">\n<div class=\"wp-block-button is-style-fill\"><a class=\"wp-block-button__link has-white-color has-text-color has-background\" href=\"mailto:alpenerleben@gemsli.at\" style=\"background-color:#969650\" target=\"_blank\" rel=\"noreferrer noopener\">Anfrage\/Anmeldung per E-Mail an &#8218;gemsli<\/a><\/div>\n<\/div>\n\n\n\n<p><\/p>\n\n\n\n<p>*) Die angegebenen Preise gelten ab einer Teilnahme von 4 Personen zzgl.<br>Hu\u0308ttenu\u0308bernachtung. Ich fu\u0308hre Kleingruppen gerne auf Anfrage.<\/p>\n","protected":false},"excerpt":{"rendered":"<p>Aussichtsreiche zweit\u00e4gige Wanderung am Fu\u00dfe der Kalkgebirge des R\u00e4tikon Termin &#8211; individuell auf AnfrageWandersaison Juli bis SeptemberEinsteiger:innen\/Fortgeschrittene Wolltest du schon immer einmal eine H\u00fcttenwanderung machen und das besondere Gef\u00fchl erleben, hoch oben in den Bergen in einer H\u00fctte zu \u00fcbernachten?Dann ist jetzt der perfekte Moment \u2013 komm mit mir auf H\u00fcttentour. Am ersten Tag wandern &hellip; <\/p>\n<p class=\"link-more\"><a href=\"https:\/\/www.gemsli.at\/index.php\/sommerprogramm\/gemsli_marsch-raetikon-2-taegig\/\" class=\"more-link\">Continue reading<span class=\"screen-reader-text\"> &#8222;Gemsli_Marsch R\u00e4tikon: 2-t\u00e4gig&#8220;<\/span><\/a><\/p>\n","protected":false},"author":1,"featured_media":802,"parent":736,"menu_order":0,"comment_status":"closed","ping_status":"closed","template":"","meta":{"footnotes":""},"class_list":["post-793","page","type-page","status-publish","has-post-thumbnail","hentry"],"_links":{"self":[{"href":"https:\/\/www.gemsli.at\/index.php\/wp-json\/wp\/v2\/pages\/793","targetHints":{"allow":["GET"]}}],"collection":[{"href":"https:\/\/www.gemsli.at\/index.php\/wp-json\/wp\/v2\/pages"}],"about":[{"href":"https:\/\/www.gemsli.at\/index.php\/wp-json\/wp\/v2\/types\/page"}],"author":[{"embeddable":true,"href":"https:\/\/www.gemsli.at\/index.php\/wp-json\/wp\/v2\/users\/1"}],"replies":[{"embeddable":true,"href":"https:\/\/www.gemsli.at\/index.php\/wp-json\/wp\/v2\/comments?post=793"}],"version-history":[{"count":16,"href":"https:\/\/www.gemsli.at\/index.php\/wp-json\/wp\/v2\/pages\/793\/revisions"}],"predecessor-version":[{"id":2991,"href":"https:\/\/www.gemsli.at\/index.php\/wp-json\/wp\/v2\/pages\/793\/revisions\/2991"}],"up":[{"embeddable":true,"href":"https:\/\/www.gemsli.at\/index.php\/wp-json\/wp\/v2\/pages\/736"}],"wp:featuredmedia":[{"embeddable":true,"href":"https:\/\/www.gemsli.at\/index.php\/wp-json\/wp\/v2\/media\/802"}],"wp:attachment":[{"href":"https:\/\/www.gemsli.at\/index.php\/wp-json\/wp\/v2\/media?parent=793"}],"curies":[{"name":"wp","href":"https:\/\/api.w.org\/{rel}","templated":true}]}}