{"id":67,"date":"2021-04-28T21:17:16","date_gmt":"2021-04-28T19:17:16","guid":{"rendered":"http:\/\/www.gemsli.at\/?page_id=67"},"modified":"2024-12-06T16:45:41","modified_gmt":"2024-12-06T15:45:41","slug":"mein-wander-angebot","status":"publish","type":"page","link":"https:\/\/www.gemsli.at\/index.php\/mein-wander-angebot\/","title":{"rendered":"Wanderungen je nach Lust und Laune"},"content":{"rendered":"\n<p>Als Euer  \u2018gemsli  f\u00fchre ich Euch sicher durch Berge, Landschaft und Natur. Ihr erfahrt Spannendes \u00fcber das urige Bergvolk der Montafoner, Alpwirtschaft, Alpenflora, Naturvielfalt und unsere beeindruckende Bergkulisse. Mit mir wird das Wandern zu einem richtigen Erlebnis, reich an unvergesslichen Momenten und sch\u00f6nen Impressionen.<\/p>\n\n\n\n<p>Auch der Genuss kommt dabei nicht zu kurz. Gerne lassen sich meine G\u00e4ste von mir als gelernte K\u00f6chin und Konditorin auch mit einer s\u00fc\u00dfen Gipfel\u00fcberraschung oder einem mitgebuchten Picknick verw\u00f6hnen.<\/p>\n\n\n\n<figure class=\"wp-block-gallery has-nested-images columns-default is-cropped wp-block-gallery-1 is-layout-flex wp-block-gallery-is-layout-flex\">\n<figure class=\"wp-block-image size-large\"><img loading=\"lazy\" decoding=\"async\" width=\"1024\" height=\"768\" data-id=\"354\" src=\"https:\/\/www.gemsli.at\/wp-content\/uploads\/2021\/05\/gemsli-Kategorie-Alpen_Blick-Wanderungen-1024x768.jpg\" alt=\"\" class=\"wp-image-354\" srcset=\"https:\/\/www.gemsli.at\/wp-content\/uploads\/2021\/05\/gemsli-Kategorie-Alpen_Blick-Wanderungen-1024x768.jpg 1024w, https:\/\/www.gemsli.at\/wp-content\/uploads\/2021\/05\/gemsli-Kategorie-Alpen_Blick-Wanderungen-300x225.jpg 300w, https:\/\/www.gemsli.at\/wp-content\/uploads\/2021\/05\/gemsli-Kategorie-Alpen_Blick-Wanderungen-768x576.jpg 768w, https:\/\/www.gemsli.at\/wp-content\/uploads\/2021\/05\/gemsli-Kategorie-Alpen_Blick-Wanderungen-1536x1152.jpg 1536w, https:\/\/www.gemsli.at\/wp-content\/uploads\/2021\/05\/gemsli-Kategorie-Alpen_Blick-Wanderungen-2048x1536.jpg 2048w\" sizes=\"auto, (max-width: 767px) 89vw, (max-width: 1000px) 54vw, (max-width: 1071px) 543px, 580px\" \/><\/figure>\n\n\n\n<figure class=\"wp-block-image size-large\"><img loading=\"lazy\" decoding=\"async\" width=\"1024\" height=\"681\" data-id=\"355\" src=\"https:\/\/www.gemsli.at\/wp-content\/uploads\/2021\/05\/gemsli-Kategorie-Gipfel_Buch-Erlebnisse-1024x681.jpg\" alt=\"\" class=\"wp-image-355\" srcset=\"https:\/\/www.gemsli.at\/wp-content\/uploads\/2021\/05\/gemsli-Kategorie-Gipfel_Buch-Erlebnisse-1024x681.jpg 1024w, https:\/\/www.gemsli.at\/wp-content\/uploads\/2021\/05\/gemsli-Kategorie-Gipfel_Buch-Erlebnisse-300x199.jpg 300w, https:\/\/www.gemsli.at\/wp-content\/uploads\/2021\/05\/gemsli-Kategorie-Gipfel_Buch-Erlebnisse-768x510.jpg 768w, https:\/\/www.gemsli.at\/wp-content\/uploads\/2021\/05\/gemsli-Kategorie-Gipfel_Buch-Erlebnisse.jpg 1500w\" sizes=\"auto, (max-width: 767px) 89vw, (max-width: 1000px) 54vw, (max-width: 1071px) 543px, 580px\" \/><\/figure>\n\n\n\n<figure class=\"wp-block-image size-large\"><img loading=\"lazy\" decoding=\"async\" width=\"1024\" height=\"768\" data-id=\"356\" src=\"https:\/\/www.gemsli.at\/wp-content\/uploads\/2021\/05\/gemsli-Kategorie-Wander_Geil-Touren-1024x768.jpg\" alt=\"\" class=\"wp-image-356\" srcset=\"https:\/\/www.gemsli.at\/wp-content\/uploads\/2021\/05\/gemsli-Kategorie-Wander_Geil-Touren-1024x768.jpg 1024w, https:\/\/www.gemsli.at\/wp-content\/uploads\/2021\/05\/gemsli-Kategorie-Wander_Geil-Touren-300x225.jpg 300w, https:\/\/www.gemsli.at\/wp-content\/uploads\/2021\/05\/gemsli-Kategorie-Wander_Geil-Touren-768x576.jpg 768w, https:\/\/www.gemsli.at\/wp-content\/uploads\/2021\/05\/gemsli-Kategorie-Wander_Geil-Touren-1536x1152.jpg 1536w, https:\/\/www.gemsli.at\/wp-content\/uploads\/2021\/05\/gemsli-Kategorie-Wander_Geil-Touren-2048x1536.jpg 2048w\" sizes=\"auto, (max-width: 767px) 89vw, (max-width: 1000px) 54vw, (max-width: 1071px) 543px, 580px\" \/><\/figure>\n<\/figure>\n\n\n\n<figure class=\"wp-block-gallery has-nested-images columns-default is-cropped wp-block-gallery-2 is-layout-flex wp-block-gallery-is-layout-flex\">\n<figure class=\"wp-block-image size-large\"><img loading=\"lazy\" decoding=\"async\" width=\"1024\" height=\"682\" data-id=\"2630\" src=\"https:\/\/www.gemsli.at\/wp-content\/uploads\/2024\/12\/DSC09455-1024x682.jpg\" alt=\"\" class=\"wp-image-2630\" srcset=\"https:\/\/www.gemsli.at\/wp-content\/uploads\/2024\/12\/DSC09455-1024x682.jpg 1024w, https:\/\/www.gemsli.at\/wp-content\/uploads\/2024\/12\/DSC09455-300x200.jpg 300w, https:\/\/www.gemsli.at\/wp-content\/uploads\/2024\/12\/DSC09455-768x512.jpg 768w, https:\/\/www.gemsli.at\/wp-content\/uploads\/2024\/12\/DSC09455-1536x1024.jpg 1536w, https:\/\/www.gemsli.at\/wp-content\/uploads\/2024\/12\/DSC09455.jpg 2000w\" sizes=\"auto, (max-width: 767px) 89vw, (max-width: 1000px) 54vw, (max-width: 1071px) 543px, 580px\" \/><\/figure>\n\n\n\n<figure class=\"wp-block-image size-large\"><img loading=\"lazy\" decoding=\"async\" width=\"768\" height=\"1024\" data-id=\"1652\" src=\"https:\/\/www.gemsli.at\/wp-content\/uploads\/2022\/05\/gemsli-Blog_Stille-der-Vollmondnacht3-768x1024.jpg\" alt=\"\" class=\"wp-image-1652\" srcset=\"https:\/\/www.gemsli.at\/wp-content\/uploads\/2022\/05\/gemsli-Blog_Stille-der-Vollmondnacht3-768x1024.jpg 768w, https:\/\/www.gemsli.at\/wp-content\/uploads\/2022\/05\/gemsli-Blog_Stille-der-Vollmondnacht3-225x300.jpg 225w, https:\/\/www.gemsli.at\/wp-content\/uploads\/2022\/05\/gemsli-Blog_Stille-der-Vollmondnacht3-1152x1536.jpg 1152w, https:\/\/www.gemsli.at\/wp-content\/uploads\/2022\/05\/gemsli-Blog_Stille-der-Vollmondnacht3-1536x2048.jpg 1536w, https:\/\/www.gemsli.at\/wp-content\/uploads\/2022\/05\/gemsli-Blog_Stille-der-Vollmondnacht3.jpg 1600w\" sizes=\"auto, (max-width: 767px) 89vw, (max-width: 1000px) 54vw, (max-width: 1071px) 543px, 580px\" \/><\/figure>\n\n\n\n<figure class=\"wp-block-image size-large\"><img loading=\"lazy\" decoding=\"async\" width=\"1024\" height=\"575\" data-id=\"1872\" src=\"https:\/\/www.gemsli.at\/wp-content\/uploads\/2022\/08\/gemsli-Blog-Alpen_Blick-Genusswanderung-03-1024x575.jpg\" alt=\"\" class=\"wp-image-1872\" srcset=\"https:\/\/www.gemsli.at\/wp-content\/uploads\/2022\/08\/gemsli-Blog-Alpen_Blick-Genusswanderung-03-1024x575.jpg 1024w, https:\/\/www.gemsli.at\/wp-content\/uploads\/2022\/08\/gemsli-Blog-Alpen_Blick-Genusswanderung-03-300x169.jpg 300w, https:\/\/www.gemsli.at\/wp-content\/uploads\/2022\/08\/gemsli-Blog-Alpen_Blick-Genusswanderung-03-768x431.jpg 768w, https:\/\/www.gemsli.at\/wp-content\/uploads\/2022\/08\/gemsli-Blog-Alpen_Blick-Genusswanderung-03-1536x863.jpg 1536w, https:\/\/www.gemsli.at\/wp-content\/uploads\/2022\/08\/gemsli-Blog-Alpen_Blick-Genusswanderung-03-2048x1150.jpg 2048w\" sizes=\"auto, (max-width: 767px) 89vw, (max-width: 1000px) 54vw, (max-width: 1071px) 543px, 580px\" \/><\/figure>\n<\/figure>\n\n\n\n<h1 class=\"wp-block-heading\"><mark style=\"background-color:rgba(0, 0, 0, 0);color:#969650\" class=\"has-inline-color\">Da ist auch f\u00fcr Dich was passendes dabei<\/mark><\/h1>\n\n\n\n<p><strong><a href=\"https:\/\/www.gemsli.at\/index.php\/wanderangebot\/alpen_blick-wanderungen\/\">Alpen_Blick Wanderungen<\/a><\/strong><br>Lasst uns gemeinsam die Vielfalt und Sch\u00f6nheit der Alpen erwandern! Entdeckt Orte zum Genie\u00dfen, Staunen und Kr\u00e4fte tanken. <\/p>\n\n\n\n<p><strong><a href=\"https:\/\/www.gemsli.at\/index.php\/wanderangebot\/gipfel_buch-erlebnisse\/\">Gipfel_Buch Erlebnisse<\/a><\/strong><br>Gipfel erwandern und unbeschreibliches Gipfelgl\u00fcck genie\u00dfen!<\/p>\n\n\n\n<p><strong><a href=\"https:\/\/www.gemsli.at\/index.php\/wanderangebot\/gemsli_marsch-touren\/\">Gemsli_Marsch Touren<\/a><\/strong><br>Von H\u00fctte zu H\u00fctte wandern, Kilometer und H\u00f6henmeter sammeln &#8211; das ist unvergessliches Alpenerleben pur!<\/p>\n\n\n\n<p><strong><a href=\"https:\/\/www.gemsli.at\/index.php\/wanderangebot\/schnee_genuss-momente\/\">Schnee_Genuss Momente<\/a><\/strong><br>Die glitzernden Schneekristalle auf der sanften wei\u00dfen Schneepracht wecken Freude in jedermanns Herzen.<\/p>\n\n\n\n<p><strong><a href=\"https:\/\/www.gemsli.at\/index.php\/wanderangebot\/natur_vielfalt-tage\/\">Natur_Vielfalt Tage<\/a><\/strong><br>Gro\u00df und Klein, Jung und Alt, erwecken Neugier und erforschen das Naturerlebnis mit allen Sinnen.<\/p>\n\n\n\n<h1 class=\"wp-block-heading\"><mark style=\"background-color:rgba(0, 0, 0, 0);color:#969650\" class=\"has-inline-color\">Deine besondere Geschenkidee<\/mark><\/h1>\n\n\n\n<p>Meine gefu\u0308hrten Wanderungen sind auch als <a href=\"https:\/\/www.gemsli.at\/index.php\/das-besondere-geschenk\/\" data-type=\"URL\" data-id=\"https:\/\/www.gemsli.at\/index.php\/das-besondere-geschenk\/\"><strong>Geschenk-Gutscheine<\/strong><\/a> fu\u0308r besondere Anl\u00e4sse sehr beliebt.<\/p>\n\n\n\n<p>Ob Halb- oder Tagestour, Fackel- oder Vollmondwanderung, mehrt\u00e4gige Privattour oder ein spannender Naturerlebnistag f\u00fcr Kids \u2013 unvergessliche Momente in der Natur erwarten die Beschenkten.<\/p>\n\n\n\n<figure class=\"wp-block-image size-large\"><img loading=\"lazy\" decoding=\"async\" width=\"1024\" height=\"576\" src=\"https:\/\/www.gemsli.at\/wp-content\/uploads\/2021\/12\/gemsli-Geschenkgutschein-1024x576.png\" alt=\"\" class=\"wp-image-1321\" srcset=\"https:\/\/www.gemsli.at\/wp-content\/uploads\/2021\/12\/gemsli-Geschenkgutschein-1024x576.png 1024w, https:\/\/www.gemsli.at\/wp-content\/uploads\/2021\/12\/gemsli-Geschenkgutschein-300x169.png 300w, https:\/\/www.gemsli.at\/wp-content\/uploads\/2021\/12\/gemsli-Geschenkgutschein-768x432.png 768w, https:\/\/www.gemsli.at\/wp-content\/uploads\/2021\/12\/gemsli-Geschenkgutschein.png 1334w\" sizes=\"auto, (max-width: 767px) 89vw, (max-width: 1000px) 54vw, (max-width: 1071px) 543px, 580px\" \/><\/figure>\n\n\n\n<figure class=\"wp-block-gallery has-nested-images columns-default is-cropped wp-block-gallery-3 is-layout-flex wp-block-gallery-is-layout-flex\">\n<figure class=\"wp-block-image size-large\"><img loading=\"lazy\" decoding=\"async\" width=\"1024\" height=\"576\" data-id=\"2090\" src=\"https:\/\/www.gemsli.at\/wp-content\/uploads\/2023\/12\/Heli-09938_c_Helmut-Dueringer-1024x576.jpg\" alt=\"\" class=\"wp-image-2090\" srcset=\"https:\/\/www.gemsli.at\/wp-content\/uploads\/2023\/12\/Heli-09938_c_Helmut-Dueringer-1024x576.jpg 1024w, https:\/\/www.gemsli.at\/wp-content\/uploads\/2023\/12\/Heli-09938_c_Helmut-Dueringer-300x169.jpg 300w, https:\/\/www.gemsli.at\/wp-content\/uploads\/2023\/12\/Heli-09938_c_Helmut-Dueringer-768x432.jpg 768w, https:\/\/www.gemsli.at\/wp-content\/uploads\/2023\/12\/Heli-09938_c_Helmut-Dueringer-1536x864.jpg 1536w, https:\/\/www.gemsli.at\/wp-content\/uploads\/2023\/12\/Heli-09938_c_Helmut-Dueringer.jpg 2000w\" sizes=\"auto, (max-width: 767px) 89vw, (max-width: 1000px) 54vw, (max-width: 1071px) 543px, 580px\" \/><\/figure>\n\n\n\n<figure class=\"wp-block-image size-large\"><img loading=\"lazy\" decoding=\"async\" width=\"1024\" height=\"768\" data-id=\"1376\" src=\"https:\/\/www.gemsli.at\/wp-content\/uploads\/2022\/01\/gemsli-Blog-Abenteuer_Fackelwanderung_4-1024x768.jpg\" alt=\"\" class=\"wp-image-1376\" srcset=\"https:\/\/www.gemsli.at\/wp-content\/uploads\/2022\/01\/gemsli-Blog-Abenteuer_Fackelwanderung_4-1024x768.jpg 1024w, https:\/\/www.gemsli.at\/wp-content\/uploads\/2022\/01\/gemsli-Blog-Abenteuer_Fackelwanderung_4-300x225.jpg 300w, https:\/\/www.gemsli.at\/wp-content\/uploads\/2022\/01\/gemsli-Blog-Abenteuer_Fackelwanderung_4-768x576.jpg 768w, https:\/\/www.gemsli.at\/wp-content\/uploads\/2022\/01\/gemsli-Blog-Abenteuer_Fackelwanderung_4-1536x1152.jpg 1536w, https:\/\/www.gemsli.at\/wp-content\/uploads\/2022\/01\/gemsli-Blog-Abenteuer_Fackelwanderung_4-2048x1536.jpg 2048w\" sizes=\"auto, (max-width: 767px) 89vw, (max-width: 1000px) 54vw, (max-width: 1071px) 543px, 580px\" \/><\/figure>\n\n\n\n<figure class=\"wp-block-image size-large\"><img loading=\"lazy\" decoding=\"async\" width=\"1024\" height=\"683\" data-id=\"2717\" src=\"https:\/\/www.gemsli.at\/wp-content\/uploads\/2024\/12\/IMG_0240-1024x683.jpg\" alt=\"\" class=\"wp-image-2717\" srcset=\"https:\/\/www.gemsli.at\/wp-content\/uploads\/2024\/12\/IMG_0240-1024x683.jpg 1024w, https:\/\/www.gemsli.at\/wp-content\/uploads\/2024\/12\/IMG_0240-300x200.jpg 300w, https:\/\/www.gemsli.at\/wp-content\/uploads\/2024\/12\/IMG_0240-768x512.jpg 768w, https:\/\/www.gemsli.at\/wp-content\/uploads\/2024\/12\/IMG_0240-1536x1024.jpg 1536w, https:\/\/www.gemsli.at\/wp-content\/uploads\/2024\/12\/IMG_0240-2048x1365.jpg 2048w\" sizes=\"auto, (max-width: 767px) 89vw, (max-width: 1000px) 54vw, (max-width: 1071px) 543px, 580px\" \/><\/figure>\n<\/figure>\n\n\n\n<h1 class=\"wp-block-heading\"><mark style=\"background-color:rgba(0, 0, 0, 0);color:#969650\" class=\"has-inline-color\">Wandern mit \u2018gemsli hat viele Vorteile<\/mark><\/h1>\n\n\n\n<p>Ich zeige Euch die sch\u00f6nsten Wanderwege des Montafons und f\u00fchre Euch zu meinen pers\u00f6nlichen Lieblingspl\u00e4tzen und Sehnsuchtsorten meiner Heimatregion R\u00e4tikon, Verwall und Silvretta. Mit mir als &#8222;Internationale Wanderf\u00fchrerin&#8220; k\u00f6nnt Ihr auch unvergessliche Bergmomente fern ab von zuhause in der gesamten Alpenregion erleben.<\/p>\n\n\n\n<p>Ich \u00fcbernehme die Tourenplanung und passe sie Euren Bed\u00fcrfnissen an.<\/p>\n\n\n\n<p>Und Ihr k\u00f6nnt einfach unbeschwert mitwandern und das Alpenerleben genie\u00dfen!<\/p>\n\n\n\n<div class=\"wp-block-buttons is-layout-flex wp-block-buttons-is-layout-flex\">\n<div class=\"wp-block-button is-style-fill\"><a class=\"wp-block-button__link has-white-color has-text-color has-background\" href=\"https:\/\/www.gemsli.at\/index.php\/sommerprogramm\/\" style=\"background-color:#969650\">zu meinen aktuellen Erlebnisterminen<\/a><\/div>\n<\/div>\n\n\n\n<p><\/p>\n","protected":false},"excerpt":{"rendered":"<p>Als Euer \u2018gemsli f\u00fchre ich Euch sicher durch Berge, Landschaft und Natur. Ihr erfahrt Spannendes \u00fcber das urige Bergvolk der Montafoner, Alpwirtschaft, Alpenflora, Naturvielfalt und unsere beeindruckende Bergkulisse. Mit mir wird das Wandern zu einem richtigen Erlebnis, reich an unvergesslichen Momenten und sch\u00f6nen Impressionen. Auch der Genuss kommt dabei nicht zu kurz. Gerne lassen sich &hellip; <\/p>\n<p class=\"link-more\"><a href=\"https:\/\/www.gemsli.at\/index.php\/mein-wander-angebot\/\" class=\"more-link\">Continue reading<span class=\"screen-reader-text\"> &#8222;Wanderungen je nach Lust und Laune&#8220;<\/span><\/a><\/p>\n","protected":false},"author":1,"featured_media":435,"parent":0,"menu_order":0,"comment_status":"closed","ping_status":"closed","template":"","meta":{"footnotes":""},"class_list":["post-67","page","type-page","status-publish","has-post-thumbnail","hentry"],"_links":{"self":[{"href":"https:\/\/www.gemsli.at\/index.php\/wp-json\/wp\/v2\/pages\/67","targetHints":{"allow":["GET"]}}],"collection":[{"href":"https:\/\/www.gemsli.at\/index.php\/wp-json\/wp\/v2\/pages"}],"about":[{"href":"https:\/\/www.gemsli.at\/index.php\/wp-json\/wp\/v2\/types\/page"}],"author":[{"embeddable":true,"href":"https:\/\/www.gemsli.at\/index.php\/wp-json\/wp\/v2\/users\/1"}],"replies":[{"embeddable":true,"href":"https:\/\/www.gemsli.at\/index.php\/wp-json\/wp\/v2\/comments?post=67"}],"version-history":[{"count":62,"href":"https:\/\/www.gemsli.at\/index.php\/wp-json\/wp\/v2\/pages\/67\/revisions"}],"predecessor-version":[{"id":2805,"href":"https:\/\/www.gemsli.at\/index.php\/wp-json\/wp\/v2\/pages\/67\/revisions\/2805"}],"wp:featuredmedia":[{"embeddable":true,"href":"https:\/\/www.gemsli.at\/index.php\/wp-json\/wp\/v2\/media\/435"}],"wp:attachment":[{"href":"https:\/\/www.gemsli.at\/index.php\/wp-json\/wp\/v2\/media?parent=67"}],"curies":[{"name":"wp","href":"https:\/\/api.w.org\/{rel}","templated":true}]}}