{"id":59,"date":"2021-04-28T21:17:16","date_gmt":"2021-04-28T19:17:16","guid":{"rendered":"http:\/\/www.gemsli.at\/?page_id=59"},"modified":"2025-12-12T23:49:17","modified_gmt":"2025-12-12T22:49:17","slug":"ueber-mich","status":"publish","type":"page","link":"https:\/\/www.gemsli.at\/index.php\/ueber-mich\/","title":{"rendered":"\u00dcber&#8217;s Gemsli"},"content":{"rendered":"\n<p>Mit starken Montafoner Wurzeln in unserem sch\u00f6nen L\u00e4ndle aufgewachsen, bin ich fast t\u00e4glich wandernd unterwegs.<\/p>\n\n\n\n<p>Mich hat das Bergfieber schon in der Kindheit gepackt. Seither bin ich geradezu verr\u00fcckt nach den Bergen. Hier habe ich meine Heimat und meine Berufung gefunden. Die vielseitige Sch\u00f6nheit des Montafon und der Alpen fasziniert mich zu jeder Jahreszeit aufs Neue. In mir steckt also eine ordentliche Portion Bergleidenschaft.<\/p>\n\n\n\n<figure class=\"wp-block-gallery has-nested-images columns-default is-cropped wp-block-gallery-1 is-layout-flex wp-block-gallery-is-layout-flex\">\n<figure class=\"wp-block-image size-large\"><img loading=\"lazy\" decoding=\"async\" width=\"1024\" height=\"683\" data-id=\"2736\" src=\"https:\/\/www.gemsli.at\/wp-content\/uploads\/2024\/12\/c_Thomas-Hennerbichler-1-1024x683.jpg\" alt=\"\" class=\"wp-image-2736\" srcset=\"https:\/\/www.gemsli.at\/wp-content\/uploads\/2024\/12\/c_Thomas-Hennerbichler-1-1024x683.jpg 1024w, https:\/\/www.gemsli.at\/wp-content\/uploads\/2024\/12\/c_Thomas-Hennerbichler-1-300x200.jpg 300w, https:\/\/www.gemsli.at\/wp-content\/uploads\/2024\/12\/c_Thomas-Hennerbichler-1-768x512.jpg 768w, https:\/\/www.gemsli.at\/wp-content\/uploads\/2024\/12\/c_Thomas-Hennerbichler-1-1536x1024.jpg 1536w, https:\/\/www.gemsli.at\/wp-content\/uploads\/2024\/12\/c_Thomas-Hennerbichler-1-2048x1365.jpg 2048w\" sizes=\"auto, (max-width: 767px) 89vw, (max-width: 1000px) 54vw, (max-width: 1071px) 543px, 580px\" \/><\/figure>\n<\/figure>\n\n\n\n<figure class=\"wp-block-gallery has-nested-images columns-2 is-cropped wp-block-gallery-2 is-layout-flex wp-block-gallery-is-layout-flex\">\n<figure class=\"wp-block-image size-large\"><img loading=\"lazy\" decoding=\"async\" width=\"1024\" height=\"683\" data-id=\"2172\" src=\"https:\/\/www.gemsli.at\/wp-content\/uploads\/2024\/01\/Gemsli_Alpenerleben_Winter-3_DSC05557-1024x683.jpg\" alt=\"\" class=\"wp-image-2172\" srcset=\"https:\/\/www.gemsli.at\/wp-content\/uploads\/2024\/01\/Gemsli_Alpenerleben_Winter-3_DSC05557-1024x683.jpg 1024w, https:\/\/www.gemsli.at\/wp-content\/uploads\/2024\/01\/Gemsli_Alpenerleben_Winter-3_DSC05557-300x200.jpg 300w, https:\/\/www.gemsli.at\/wp-content\/uploads\/2024\/01\/Gemsli_Alpenerleben_Winter-3_DSC05557-768x512.jpg 768w, https:\/\/www.gemsli.at\/wp-content\/uploads\/2024\/01\/Gemsli_Alpenerleben_Winter-3_DSC05557-1536x1024.jpg 1536w, https:\/\/www.gemsli.at\/wp-content\/uploads\/2024\/01\/Gemsli_Alpenerleben_Winter-3_DSC05557-2048x1365.jpg 2048w\" sizes=\"auto, (max-width: 767px) 89vw, (max-width: 1000px) 54vw, (max-width: 1071px) 543px, 580px\" \/><\/figure>\n\n\n\n<figure class=\"wp-block-image size-large\"><img loading=\"lazy\" decoding=\"async\" width=\"1024\" height=\"768\" data-id=\"1559\" src=\"https:\/\/www.gemsli.at\/wp-content\/uploads\/2022\/03\/gemsli-Blog-Schnee_Genuss-Wintertage-Ra\u0308tikon_3-1024x768.jpg\" alt=\"\" class=\"wp-image-1559\" srcset=\"https:\/\/www.gemsli.at\/wp-content\/uploads\/2022\/03\/gemsli-Blog-Schnee_Genuss-Wintertage-Ra\u0308tikon_3-1024x768.jpg 1024w, https:\/\/www.gemsli.at\/wp-content\/uploads\/2022\/03\/gemsli-Blog-Schnee_Genuss-Wintertage-Ra\u0308tikon_3-300x225.jpg 300w, https:\/\/www.gemsli.at\/wp-content\/uploads\/2022\/03\/gemsli-Blog-Schnee_Genuss-Wintertage-Ra\u0308tikon_3-768x576.jpg 768w, https:\/\/www.gemsli.at\/wp-content\/uploads\/2022\/03\/gemsli-Blog-Schnee_Genuss-Wintertage-Ra\u0308tikon_3-1536x1152.jpg 1536w, https:\/\/www.gemsli.at\/wp-content\/uploads\/2022\/03\/gemsli-Blog-Schnee_Genuss-Wintertage-Ra\u0308tikon_3-2048x1536.jpg 2048w\" sizes=\"auto, (max-width: 767px) 89vw, (max-width: 1000px) 54vw, (max-width: 1071px) 543px, 580px\" \/><\/figure>\n\n\n\n<figure class=\"wp-block-image size-large\"><img loading=\"lazy\" decoding=\"async\" width=\"1024\" height=\"768\" data-id=\"1563\" src=\"https:\/\/www.gemsli.at\/wp-content\/uploads\/2022\/03\/gemsli-Blog-Schnee_Genuss-Wintertage-Ra\u0308tikon_8-1024x768.jpeg\" alt=\"\" class=\"wp-image-1563\" srcset=\"https:\/\/www.gemsli.at\/wp-content\/uploads\/2022\/03\/gemsli-Blog-Schnee_Genuss-Wintertage-Ra\u0308tikon_8-1024x768.jpeg 1024w, https:\/\/www.gemsli.at\/wp-content\/uploads\/2022\/03\/gemsli-Blog-Schnee_Genuss-Wintertage-Ra\u0308tikon_8-300x225.jpeg 300w, https:\/\/www.gemsli.at\/wp-content\/uploads\/2022\/03\/gemsli-Blog-Schnee_Genuss-Wintertage-Ra\u0308tikon_8-768x576.jpeg 768w, https:\/\/www.gemsli.at\/wp-content\/uploads\/2022\/03\/gemsli-Blog-Schnee_Genuss-Wintertage-Ra\u0308tikon_8-1536x1152.jpeg 1536w, https:\/\/www.gemsli.at\/wp-content\/uploads\/2022\/03\/gemsli-Blog-Schnee_Genuss-Wintertage-Ra\u0308tikon_8-2048x1536.jpeg 2048w\" sizes=\"auto, (max-width: 767px) 89vw, (max-width: 1000px) 54vw, (max-width: 1071px) 543px, 580px\" \/><\/figure>\n\n\n\n<figure class=\"wp-block-image size-large\"><img loading=\"lazy\" decoding=\"async\" width=\"1024\" height=\"614\" data-id=\"2610\" src=\"https:\/\/www.gemsli.at\/wp-content\/uploads\/2024\/12\/cropped-P1045110-Kopie-1024x614.jpg\" alt=\"\" class=\"wp-image-2610\" srcset=\"https:\/\/www.gemsli.at\/wp-content\/uploads\/2024\/12\/cropped-P1045110-Kopie-1024x614.jpg 1024w, https:\/\/www.gemsli.at\/wp-content\/uploads\/2024\/12\/cropped-P1045110-Kopie-300x180.jpg 300w, https:\/\/www.gemsli.at\/wp-content\/uploads\/2024\/12\/cropped-P1045110-Kopie-768x461.jpg 768w, https:\/\/www.gemsli.at\/wp-content\/uploads\/2024\/12\/cropped-P1045110-Kopie-1536x922.jpg 1536w, https:\/\/www.gemsli.at\/wp-content\/uploads\/2024\/12\/cropped-P1045110-Kopie.jpg 2000w\" sizes=\"auto, (max-width: 767px) 89vw, (max-width: 1000px) 54vw, (max-width: 1071px) 543px, 580px\" \/><\/figure>\n<\/figure>\n\n\n\n<blockquote class=\"wp-block-quote is-layout-flow wp-block-quote-is-layout-flow\"><p><\/p><p>&#8222;Als Naturf\u00fchrerin, internationale Wanderf\u00fchrerin und Kr\u00e4uterp\u00e4dagogin verbinde ich all meine Leidenschaften mit meinem neuen Angebot f\u00fcr Euch Einheimische und unsere lieben G\u00e4ste aus nah und fern, mit denen ich mich auch gerne in Englisch, Franz\u00f6sisch oder Italienisch unterhalte.&#8220;<\/p><p>\u2018gemsli   Stefanie Peiker<br>Naturf\u00fchrerin &amp; Internationale Wanderf\u00fchrerin &amp; Kr\u00e4uterp\u00e4dagogin<\/p><\/blockquote>\n\n\n\n<figure class=\"wp-block-gallery has-nested-images columns-default is-cropped wp-block-gallery-3 is-layout-flex wp-block-gallery-is-layout-flex\">\n<figure class=\"wp-block-image size-large\"><img loading=\"lazy\" decoding=\"async\" width=\"681\" height=\"1024\" data-id=\"146\" src=\"https:\/\/www.gemsli.at\/wp-content\/uploads\/2021\/04\/gemsli-u\u0308bermich_0-681x1024.jpg\" alt=\"\" class=\"wp-image-146\" srcset=\"https:\/\/www.gemsli.at\/wp-content\/uploads\/2021\/04\/gemsli-u\u0308bermich_0-681x1024.jpg 681w, https:\/\/www.gemsli.at\/wp-content\/uploads\/2021\/04\/gemsli-u\u0308bermich_0-199x300.jpg 199w, https:\/\/www.gemsli.at\/wp-content\/uploads\/2021\/04\/gemsli-u\u0308bermich_0-768x1155.jpg 768w, https:\/\/www.gemsli.at\/wp-content\/uploads\/2021\/04\/gemsli-u\u0308bermich_0.jpg 1000w\" sizes=\"auto, (max-width: 681px) 100vw, 681px\" \/><\/figure>\n\n\n\n<figure class=\"wp-block-image size-large\"><img loading=\"lazy\" decoding=\"async\" width=\"683\" height=\"1024\" data-id=\"2732\" src=\"https:\/\/www.gemsli.at\/wp-content\/uploads\/2024\/12\/Podcast-BTS-c-Marie-Rudigier-25-683x1024.jpg\" alt=\"\" class=\"wp-image-2732\" srcset=\"https:\/\/www.gemsli.at\/wp-content\/uploads\/2024\/12\/Podcast-BTS-c-Marie-Rudigier-25-683x1024.jpg 683w, https:\/\/www.gemsli.at\/wp-content\/uploads\/2024\/12\/Podcast-BTS-c-Marie-Rudigier-25-200x300.jpg 200w, https:\/\/www.gemsli.at\/wp-content\/uploads\/2024\/12\/Podcast-BTS-c-Marie-Rudigier-25-768x1152.jpg 768w, https:\/\/www.gemsli.at\/wp-content\/uploads\/2024\/12\/Podcast-BTS-c-Marie-Rudigier-25-1024x1536.jpg 1024w, https:\/\/www.gemsli.at\/wp-content\/uploads\/2024\/12\/Podcast-BTS-c-Marie-Rudigier-25-1365x2048.jpg 1365w, https:\/\/www.gemsli.at\/wp-content\/uploads\/2024\/12\/Podcast-BTS-c-Marie-Rudigier-25-scaled.jpg 1707w\" sizes=\"auto, (max-width: 683px) 100vw, 683px\" \/><\/figure>\n\n\n\n<figure class=\"wp-block-image size-large\"><img loading=\"lazy\" decoding=\"async\" width=\"768\" height=\"1024\" data-id=\"1829\" src=\"https:\/\/www.gemsli.at\/wp-content\/uploads\/2022\/07\/gemsli-Stefanie-Naturfu\u0308hrerin-01-768x1024.jpg\" alt=\"\" class=\"wp-image-1829\" srcset=\"https:\/\/www.gemsli.at\/wp-content\/uploads\/2022\/07\/gemsli-Stefanie-Naturfu\u0308hrerin-01-768x1024.jpg 768w, https:\/\/www.gemsli.at\/wp-content\/uploads\/2022\/07\/gemsli-Stefanie-Naturfu\u0308hrerin-01-225x300.jpg 225w, https:\/\/www.gemsli.at\/wp-content\/uploads\/2022\/07\/gemsli-Stefanie-Naturfu\u0308hrerin-01-1152x1536.jpg 1152w, https:\/\/www.gemsli.at\/wp-content\/uploads\/2022\/07\/gemsli-Stefanie-Naturfu\u0308hrerin-01.jpg 1200w\" sizes=\"auto, (max-width: 767px) 89vw, (max-width: 1000px) 54vw, (max-width: 1071px) 543px, 580px\" \/><\/figure>\n\n\n\n<figure class=\"wp-block-image size-large\"><img loading=\"lazy\" decoding=\"async\" width=\"681\" height=\"1024\" data-id=\"151\" src=\"https:\/\/www.gemsli.at\/wp-content\/uploads\/2021\/04\/gemsli-u\u0308bermich_5-681x1024.jpg\" alt=\"\" class=\"wp-image-151\" srcset=\"https:\/\/www.gemsli.at\/wp-content\/uploads\/2021\/04\/gemsli-u\u0308bermich_5-681x1024.jpg 681w, https:\/\/www.gemsli.at\/wp-content\/uploads\/2021\/04\/gemsli-u\u0308bermich_5-199x300.jpg 199w, https:\/\/www.gemsli.at\/wp-content\/uploads\/2021\/04\/gemsli-u\u0308bermich_5-768x1155.jpg 768w, https:\/\/www.gemsli.at\/wp-content\/uploads\/2021\/04\/gemsli-u\u0308bermich_5.jpg 1000w\" sizes=\"auto, (max-width: 681px) 100vw, 681px\" \/><\/figure>\n\n\n\n<figure class=\"wp-block-image size-large\"><img loading=\"lazy\" decoding=\"async\" width=\"1024\" height=\"936\" data-id=\"2607\" src=\"https:\/\/www.gemsli.at\/wp-content\/uploads\/2024\/12\/gemsli-Titelfoto-1024x936.jpg\" alt=\"\" class=\"wp-image-2607\" srcset=\"https:\/\/www.gemsli.at\/wp-content\/uploads\/2024\/12\/gemsli-Titelfoto-1024x936.jpg 1024w, https:\/\/www.gemsli.at\/wp-content\/uploads\/2024\/12\/gemsli-Titelfoto-300x274.jpg 300w, https:\/\/www.gemsli.at\/wp-content\/uploads\/2024\/12\/gemsli-Titelfoto-768x702.jpg 768w, https:\/\/www.gemsli.at\/wp-content\/uploads\/2024\/12\/gemsli-Titelfoto-1536x1405.jpg 1536w, https:\/\/www.gemsli.at\/wp-content\/uploads\/2024\/12\/gemsli-Titelfoto.jpg 2000w\" sizes=\"auto, (max-width: 767px) 89vw, (max-width: 1000px) 54vw, (max-width: 1071px) 543px, 580px\" \/><\/figure>\n\n\n\n<figure class=\"wp-block-image size-large\"><img loading=\"lazy\" decoding=\"async\" width=\"681\" height=\"1024\" data-id=\"2738\" src=\"https:\/\/www.gemsli.at\/wp-content\/uploads\/2024\/12\/DSC_0749-681x1024.jpg\" alt=\"\" class=\"wp-image-2738\" srcset=\"https:\/\/www.gemsli.at\/wp-content\/uploads\/2024\/12\/DSC_0749-681x1024.jpg 681w, https:\/\/www.gemsli.at\/wp-content\/uploads\/2024\/12\/DSC_0749-199x300.jpg 199w, https:\/\/www.gemsli.at\/wp-content\/uploads\/2024\/12\/DSC_0749-768x1155.jpg 768w, https:\/\/www.gemsli.at\/wp-content\/uploads\/2024\/12\/DSC_0749.jpg 1000w\" sizes=\"auto, (max-width: 681px) 100vw, 681px\" \/><\/figure>\n\n\n\n<figure class=\"wp-block-image size-large\"><img loading=\"lazy\" decoding=\"async\" width=\"577\" height=\"1024\" data-id=\"1714\" src=\"https:\/\/www.gemsli.at\/wp-content\/uploads\/2022\/05\/gemsli-Alpen_Blick-Alpstein_6-577x1024.jpg\" alt=\"\" class=\"wp-image-1714\" srcset=\"https:\/\/www.gemsli.at\/wp-content\/uploads\/2022\/05\/gemsli-Alpen_Blick-Alpstein_6-577x1024.jpg 577w, https:\/\/www.gemsli.at\/wp-content\/uploads\/2022\/05\/gemsli-Alpen_Blick-Alpstein_6-169x300.jpg 169w, https:\/\/www.gemsli.at\/wp-content\/uploads\/2022\/05\/gemsli-Alpen_Blick-Alpstein_6-768x1364.jpg 768w, https:\/\/www.gemsli.at\/wp-content\/uploads\/2022\/05\/gemsli-Alpen_Blick-Alpstein_6-865x1536.jpg 865w, https:\/\/www.gemsli.at\/wp-content\/uploads\/2022\/05\/gemsli-Alpen_Blick-Alpstein_6.jpg 1126w\" sizes=\"auto, (max-width: 577px) 100vw, 577px\" \/><\/figure>\n\n\n\n<figure class=\"wp-block-image size-large\"><img loading=\"lazy\" decoding=\"async\" width=\"1024\" height=\"681\" data-id=\"2737\" src=\"https:\/\/www.gemsli.at\/wp-content\/uploads\/2024\/12\/DSC_0558-1024x681.jpg\" alt=\"\" class=\"wp-image-2737\" srcset=\"https:\/\/www.gemsli.at\/wp-content\/uploads\/2024\/12\/DSC_0558-1024x681.jpg 1024w, https:\/\/www.gemsli.at\/wp-content\/uploads\/2024\/12\/DSC_0558-300x199.jpg 300w, https:\/\/www.gemsli.at\/wp-content\/uploads\/2024\/12\/DSC_0558-768x510.jpg 768w, https:\/\/www.gemsli.at\/wp-content\/uploads\/2024\/12\/DSC_0558.jpg 1500w\" sizes=\"auto, (max-width: 767px) 89vw, (max-width: 1000px) 54vw, (max-width: 1071px) 543px, 580px\" \/><\/figure>\n\n\n\n<figure class=\"wp-block-image size-large\"><img loading=\"lazy\" decoding=\"async\" width=\"1024\" height=\"682\" data-id=\"2731\" src=\"https:\/\/www.gemsli.at\/wp-content\/uploads\/2024\/12\/Podcast-BTS-c-Marie-Rudigier-47-1024x682.jpg\" alt=\"\" class=\"wp-image-2731\" srcset=\"https:\/\/www.gemsli.at\/wp-content\/uploads\/2024\/12\/Podcast-BTS-c-Marie-Rudigier-47-1024x682.jpg 1024w, https:\/\/www.gemsli.at\/wp-content\/uploads\/2024\/12\/Podcast-BTS-c-Marie-Rudigier-47-300x200.jpg 300w, https:\/\/www.gemsli.at\/wp-content\/uploads\/2024\/12\/Podcast-BTS-c-Marie-Rudigier-47-768x512.jpg 768w, https:\/\/www.gemsli.at\/wp-content\/uploads\/2024\/12\/Podcast-BTS-c-Marie-Rudigier-47-1536x1024.jpg 1536w, https:\/\/www.gemsli.at\/wp-content\/uploads\/2024\/12\/Podcast-BTS-c-Marie-Rudigier-47.jpg 2000w\" sizes=\"auto, (max-width: 767px) 89vw, (max-width: 1000px) 54vw, (max-width: 1071px) 543px, 580px\" \/><\/figure>\n<\/figure>\n\n\n\n<p class=\"has-text-color\" style=\"color:#969650\"><a href=\"https:\/\/www.gemsli.at\/?page_id=60\" data-type=\"URL\" data-id=\"https:\/\/www.gemsli.at\/?page_id=60\">Kontaktiere mich<\/a><\/p>\n","protected":false},"excerpt":{"rendered":"<p>Mit starken Montafoner Wurzeln in unserem sch\u00f6nen L\u00e4ndle aufgewachsen, bin ich fast t\u00e4glich wandernd unterwegs. Mich hat das Bergfieber schon in der Kindheit gepackt. Seither bin ich geradezu verr\u00fcckt nach den Bergen. Hier habe ich meine Heimat und meine Berufung gefunden. Die vielseitige Sch\u00f6nheit des Montafon und der Alpen fasziniert mich zu jeder Jahreszeit aufs &hellip; <\/p>\n<p class=\"link-more\"><a href=\"https:\/\/www.gemsli.at\/index.php\/ueber-mich\/\" class=\"more-link\">Continue reading<span class=\"screen-reader-text\"> &#8222;\u00dcber&#8217;s Gemsli&#8220;<\/span><\/a><\/p>\n","protected":false},"author":1,"featured_media":1050,"parent":0,"menu_order":0,"comment_status":"closed","ping_status":"closed","template":"","meta":{"footnotes":""},"class_list":["post-59","page","type-page","status-publish","has-post-thumbnail","hentry"],"_links":{"self":[{"href":"https:\/\/www.gemsli.at\/index.php\/wp-json\/wp\/v2\/pages\/59","targetHints":{"allow":["GET"]}}],"collection":[{"href":"https:\/\/www.gemsli.at\/index.php\/wp-json\/wp\/v2\/pages"}],"about":[{"href":"https:\/\/www.gemsli.at\/index.php\/wp-json\/wp\/v2\/types\/page"}],"author":[{"embeddable":true,"href":"https:\/\/www.gemsli.at\/index.php\/wp-json\/wp\/v2\/users\/1"}],"replies":[{"embeddable":true,"href":"https:\/\/www.gemsli.at\/index.php\/wp-json\/wp\/v2\/comments?post=59"}],"version-history":[{"count":32,"href":"https:\/\/www.gemsli.at\/index.php\/wp-json\/wp\/v2\/pages\/59\/revisions"}],"predecessor-version":[{"id":2957,"href":"https:\/\/www.gemsli.at\/index.php\/wp-json\/wp\/v2\/pages\/59\/revisions\/2957"}],"wp:featuredmedia":[{"embeddable":true,"href":"https:\/\/www.gemsli.at\/index.php\/wp-json\/wp\/v2\/media\/1050"}],"wp:attachment":[{"href":"https:\/\/www.gemsli.at\/index.php\/wp-json\/wp\/v2\/media?parent=59"}],"curies":[{"name":"wp","href":"https:\/\/api.w.org\/{rel}","templated":true}]}}