{"id":2775,"date":"2024-12-06T11:46:55","date_gmt":"2024-12-06T10:46:55","guid":{"rendered":"https:\/\/www.gemsli.at\/?page_id=2775"},"modified":"2026-01-19T11:39:54","modified_gmt":"2026-01-19T10:39:54","slug":"erlebnis_fackelwanderung","status":"publish","type":"page","link":"https:\/\/www.gemsli.at\/index.php\/winterprogramm\/erlebnis_fackelwanderung\/","title":{"rendered":"Erlebnis_Fackelwanderung"},"content":{"rendered":"\n<h2 class=\"wp-block-heading\"><mark style=\"background-color:rgba(0, 0, 0, 0);color:#408ebf\" class=\"has-inline-color\">Naturerlebnis im Fackelschein<\/mark><\/h2>\n\n\n\n<p><strong>Termine <\/strong>&#8211; abends, auf Anfrage<br><strong>In den Monaten November bis April<\/strong><br><em>Winterwanderung f\u00fcr Jedermann &#8211; Gruppen, Erwachsene, Familien,&#8230;<\/em><\/p>\n\n\n\n<p>Diese Tour ist ein besonderes Erlebnis f\u00fcr alle, die die Magie der D\u00e4mmerung lieben. Im Schein der Fackeln f\u00fchrt Dich die Wanderung durch die stille der Natur. Die klare Luft und die w\u00e4rmenden Fackeln schaffen eine einzigartige Atmosph\u00e4re.<\/p>\n\n\n\n<p>Als kr\u00f6nenden Abschluss genie\u00dfen wir gemeinsam warmen Fr\u00fcchtepunsch und selbstgebackene Kekse \u2013 ein gem\u00fctlicher Ausklang f\u00fcr einen besonderen Abend.<\/p>\n\n\n\n<p>Lass Dich von diesem einzigartigen Erlebnis verzaubern.<\/p>\n\n\n\n<figure class=\"wp-block-gallery has-nested-images columns-default is-cropped wp-block-gallery-1 is-layout-flex wp-block-gallery-is-layout-flex\">\n<figure class=\"wp-block-image size-large\"><img loading=\"lazy\" decoding=\"async\" width=\"1600\" height=\"2133\" data-id=\"1652\" src=\"https:\/\/www.gemsli.at\/wp-content\/uploads\/2022\/05\/gemsli-Blog_Stille-der-Vollmondnacht3.jpg\" alt=\"\" class=\"wp-image-1652\" srcset=\"https:\/\/www.gemsli.at\/wp-content\/uploads\/2022\/05\/gemsli-Blog_Stille-der-Vollmondnacht3.jpg 1600w, https:\/\/www.gemsli.at\/wp-content\/uploads\/2022\/05\/gemsli-Blog_Stille-der-Vollmondnacht3-225x300.jpg 225w, https:\/\/www.gemsli.at\/wp-content\/uploads\/2022\/05\/gemsli-Blog_Stille-der-Vollmondnacht3-768x1024.jpg 768w, https:\/\/www.gemsli.at\/wp-content\/uploads\/2022\/05\/gemsli-Blog_Stille-der-Vollmondnacht3-1152x1536.jpg 1152w, https:\/\/www.gemsli.at\/wp-content\/uploads\/2022\/05\/gemsli-Blog_Stille-der-Vollmondnacht3-1536x2048.jpg 1536w\" sizes=\"auto, (max-width: 767px) 89vw, (max-width: 1000px) 54vw, (max-width: 1071px) 543px, 580px\" \/><\/figure>\n\n\n\n<figure class=\"wp-block-image size-large\"><img loading=\"lazy\" decoding=\"async\" width=\"1024\" height=\"768\" data-id=\"2777\" src=\"https:\/\/www.gemsli.at\/wp-content\/uploads\/2024\/12\/IMG_20211222_165142-1024x768.jpg\" alt=\"\" class=\"wp-image-2777\" srcset=\"https:\/\/www.gemsli.at\/wp-content\/uploads\/2024\/12\/IMG_20211222_165142-1024x768.jpg 1024w, https:\/\/www.gemsli.at\/wp-content\/uploads\/2024\/12\/IMG_20211222_165142-300x225.jpg 300w, https:\/\/www.gemsli.at\/wp-content\/uploads\/2024\/12\/IMG_20211222_165142-768x576.jpg 768w, https:\/\/www.gemsli.at\/wp-content\/uploads\/2024\/12\/IMG_20211222_165142-1536x1152.jpg 1536w, https:\/\/www.gemsli.at\/wp-content\/uploads\/2024\/12\/IMG_20211222_165142-2048x1536.jpg 2048w\" sizes=\"auto, (max-width: 767px) 89vw, (max-width: 1000px) 54vw, (max-width: 1071px) 543px, 580px\" \/><\/figure>\n<\/figure>\n\n\n\n<p><strong>Treffpunkt :<\/strong> Flexibel, wird individuell bei Buchung vereinbart.<br><strong>Dauer:<\/strong> ca. 1 &#8211; 2h<br><strong>Preis:<\/strong> \u20ac 59* pro Person<\/p>\n\n\n\n<p>Anmeldung und Terminvereinbarung auf Anfrage.<\/p>\n\n\n\n<div class=\"wp-block-buttons is-layout-flex wp-block-buttons-is-layout-flex\">\n<div class=\"wp-block-button\"><a class=\"wp-block-button__link has-vivid-cyan-blue-background-color has-background wp-element-button\" href=\"mailto:alpenerleben@gemsli.at?subject=Erlebnis_Fackelwanderung\" target=\"_blank\" rel=\"noreferrer noopener\">Anfrage\/Anmeldung per E-Mail an \u2018gemsli<\/a><\/div>\n<\/div>\n\n\n\n<p><\/p>\n\n\n\n<p>*) Die angegebenen Preise gelten ab einer Teilnahme von 3 Personen. Ich fu\u0308hre<br>Kleingruppen gerne auf Anfrage.<\/p>\n\n\n\n<p><\/p>\n","protected":false},"excerpt":{"rendered":"<p>Naturerlebnis im Fackelschein Termine &#8211; abends, auf AnfrageIn den Monaten November bis AprilWinterwanderung f\u00fcr Jedermann &#8211; Gruppen, Erwachsene, Familien,&#8230; Diese Tour ist ein besonderes Erlebnis f\u00fcr alle, die die Magie der D\u00e4mmerung lieben. Im Schein der Fackeln f\u00fchrt Dich die Wanderung durch die stille der Natur. Die klare Luft und die w\u00e4rmenden Fackeln schaffen eine &hellip; <\/p>\n<p class=\"link-more\"><a href=\"https:\/\/www.gemsli.at\/index.php\/winterprogramm\/erlebnis_fackelwanderung\/\" class=\"more-link\">Continue reading<span class=\"screen-reader-text\"> &#8222;Erlebnis_Fackelwanderung&#8220;<\/span><\/a><\/p>\n","protected":false},"author":1,"featured_media":1376,"parent":910,"menu_order":0,"comment_status":"closed","ping_status":"closed","template":"","meta":{"footnotes":""},"class_list":["post-2775","page","type-page","status-publish","has-post-thumbnail","hentry"],"_links":{"self":[{"href":"https:\/\/www.gemsli.at\/index.php\/wp-json\/wp\/v2\/pages\/2775","targetHints":{"allow":["GET"]}}],"collection":[{"href":"https:\/\/www.gemsli.at\/index.php\/wp-json\/wp\/v2\/pages"}],"about":[{"href":"https:\/\/www.gemsli.at\/index.php\/wp-json\/wp\/v2\/types\/page"}],"author":[{"embeddable":true,"href":"https:\/\/www.gemsli.at\/index.php\/wp-json\/wp\/v2\/users\/1"}],"replies":[{"embeddable":true,"href":"https:\/\/www.gemsli.at\/index.php\/wp-json\/wp\/v2\/comments?post=2775"}],"version-history":[{"count":9,"href":"https:\/\/www.gemsli.at\/index.php\/wp-json\/wp\/v2\/pages\/2775\/revisions"}],"predecessor-version":[{"id":3027,"href":"https:\/\/www.gemsli.at\/index.php\/wp-json\/wp\/v2\/pages\/2775\/revisions\/3027"}],"up":[{"embeddable":true,"href":"https:\/\/www.gemsli.at\/index.php\/wp-json\/wp\/v2\/pages\/910"}],"wp:featuredmedia":[{"embeddable":true,"href":"https:\/\/www.gemsli.at\/index.php\/wp-json\/wp\/v2\/media\/1376"}],"wp:attachment":[{"href":"https:\/\/www.gemsli.at\/index.php\/wp-json\/wp\/v2\/media?parent=2775"}],"curies":[{"name":"wp","href":"https:\/\/api.w.org\/{rel}","templated":true}]}}