{"id":2217,"date":"2024-01-06T21:20:28","date_gmt":"2024-01-06T20:20:28","guid":{"rendered":"https:\/\/www.gemsli.at\/?page_id=2217"},"modified":"2026-01-19T11:54:34","modified_gmt":"2026-01-19T10:54:34","slug":"abenteuer_vollmondnacht","status":"publish","type":"page","link":"https:\/\/www.gemsli.at\/index.php\/winterprogramm\/abenteuer_vollmondnacht\/","title":{"rendered":"Alpen_Blick Vollmondwanderung mit Genuss"},"content":{"rendered":"\n<h2 class=\"wp-block-heading has-vivid-cyan-blue-color has-text-color\">Kulinarische Vollmondwanderung mit K\u00e4sefondue<\/h2>\n\n\n\n<p><strong>Termine<\/strong> <strong>2026<\/strong><br><br><strong>Samstag, 3. Januar<\/strong>: 18:00Uhr<br><strong>Sonntag,  1. Februar<\/strong>: 18:00 Uhr<br><strong>Dienstag,  3. M\u00e4rz<\/strong>: 18:30 Uhr<br><strong>Donnerstag,  2. April<\/strong>: 20:00 Uhr<br><br><em>Vollmondwanderung<\/em> <em>f\u00fcr Jedermann \u2013 Gruppen, Erwachsene, Familien,\u2026<\/em><\/p>\n\n\n\n<h3 class=\"wp-block-heading\">Du wolltest schon immer ein ganz besonderes Wandererlebnis?<\/h3>\n\n\n\n<p>Dann ist die Vollmondwanderung genau das Richtige f\u00fcr Dich.<\/p>\n\n\n\n<p>Wir starten in der Abendd\u00e4mmerung mit Blick auf die markante Bergkulisse des R\u00e4tikon und beobachten, wie sich der Vollmond am Himmel erhebt.<br>Ohne Stirnlampe wandern wir durch die Stille der Vollmondnacht und sammeln ganz neue Eindr\u00fccke die wir mit allen Sinnen wahrnehmen.<br>Eine unvergessliche Erfahrung. Lass Dich \u00fcberraschen!<\/p>\n\n\n\n<p>Im Anschluss erwartet Dich ein genussvoller Ausklang mit K\u00e4sefondue in der traditonellen Montafonerstube von unserem Bauernhaus.<\/p>\n\n\n\n<figure class=\"wp-block-gallery has-nested-images columns-default is-cropped wp-block-gallery-1 is-layout-flex wp-block-gallery-is-layout-flex\">\n<figure class=\"wp-block-image size-large\"><img loading=\"lazy\" decoding=\"async\" width=\"2560\" height=\"1438\" data-id=\"2200\" src=\"https:\/\/www.gemsli.at\/wp-content\/uploads\/2024\/01\/IMG_6160-scaled.jpg\" alt=\"\" class=\"wp-image-2200\" srcset=\"https:\/\/www.gemsli.at\/wp-content\/uploads\/2024\/01\/IMG_6160-scaled.jpg 2560w, https:\/\/www.gemsli.at\/wp-content\/uploads\/2024\/01\/IMG_6160-300x169.jpg 300w, https:\/\/www.gemsli.at\/wp-content\/uploads\/2024\/01\/IMG_6160-1024x575.jpg 1024w, https:\/\/www.gemsli.at\/wp-content\/uploads\/2024\/01\/IMG_6160-768x431.jpg 768w, https:\/\/www.gemsli.at\/wp-content\/uploads\/2024\/01\/IMG_6160-1536x863.jpg 1536w, https:\/\/www.gemsli.at\/wp-content\/uploads\/2024\/01\/IMG_6160-2048x1150.jpg 2048w\" sizes=\"auto, (max-width: 767px) 89vw, (max-width: 1000px) 54vw, (max-width: 1071px) 543px, 580px\" \/><\/figure>\n\n\n\n<figure class=\"wp-block-image size-large\"><img loading=\"lazy\" decoding=\"async\" width=\"1600\" height=\"1200\" data-id=\"2653\" src=\"https:\/\/www.gemsli.at\/wp-content\/uploads\/2024\/12\/IMG-20240919-WA0024.jpg\" alt=\"\" class=\"wp-image-2653\" srcset=\"https:\/\/www.gemsli.at\/wp-content\/uploads\/2024\/12\/IMG-20240919-WA0024.jpg 1600w, https:\/\/www.gemsli.at\/wp-content\/uploads\/2024\/12\/IMG-20240919-WA0024-300x225.jpg 300w, https:\/\/www.gemsli.at\/wp-content\/uploads\/2024\/12\/IMG-20240919-WA0024-1024x768.jpg 1024w, https:\/\/www.gemsli.at\/wp-content\/uploads\/2024\/12\/IMG-20240919-WA0024-768x576.jpg 768w, https:\/\/www.gemsli.at\/wp-content\/uploads\/2024\/12\/IMG-20240919-WA0024-1536x1152.jpg 1536w\" sizes=\"auto, (max-width: 767px) 89vw, (max-width: 1000px) 54vw, (max-width: 1071px) 543px, 580px\" \/><\/figure>\n<\/figure>\n\n\n\n<p><strong>Treffpunkt bei Voranmeldung:<\/strong> Barockkirche Bartholom\u00e4berg<br><strong>Dauer der Wanderung:<\/strong> ca. 2 h<br><strong>Preis:<\/strong> \u20ac 89* pro Person<\/p>\n\n\n\n<p>Anmeldung und Terminvereinbarung auf Anfrage.<\/p>\n\n\n\n<p>*) Die angegebenen Preise gelten ab einer Teilnahme von 4 Personen. Ich fu\u0308hre<br>Kleingruppen gerne auf Anfrage.<\/p>\n\n\n\n<div class=\"wp-block-buttons is-layout-flex wp-block-buttons-is-layout-flex\">\n<div class=\"wp-block-button\"><a class=\"wp-block-button__link has-background wp-element-button\" href=\"mailto:alpenerleben@gemsli.at?subject=Alpen_Blick%20Vollmondwanderung%20mit%20Genuss\" style=\"background-color:#408ebf\" target=\"_blank\" rel=\"noreferrer noopener\">Anfrage\/Anmeldung per E-Mail an \u2018gemsli<\/a><\/div>\n<\/div>\n","protected":false},"excerpt":{"rendered":"<p>Kulinarische Vollmondwanderung mit K\u00e4sefondue Termine 2026 Samstag, 3. Januar: 18:00UhrSonntag, 1. Februar: 18:00 UhrDienstag, 3. M\u00e4rz: 18:30 UhrDonnerstag, 2. April: 20:00 Uhr Vollmondwanderung f\u00fcr Jedermann \u2013 Gruppen, Erwachsene, Familien,\u2026 Du wolltest schon immer ein ganz besonderes Wandererlebnis? Dann ist die Vollmondwanderung genau das Richtige f\u00fcr Dich. Wir starten in der Abendd\u00e4mmerung mit Blick auf die &hellip; <\/p>\n<p class=\"link-more\"><a href=\"https:\/\/www.gemsli.at\/index.php\/winterprogramm\/abenteuer_vollmondnacht\/\" class=\"more-link\">Continue reading<span class=\"screen-reader-text\"> &#8222;Alpen_Blick Vollmondwanderung mit Genuss&#8220;<\/span><\/a><\/p>\n","protected":false},"author":1,"featured_media":0,"parent":910,"menu_order":0,"comment_status":"closed","ping_status":"closed","template":"","meta":{"footnotes":""},"class_list":["post-2217","page","type-page","status-publish","hentry"],"_links":{"self":[{"href":"https:\/\/www.gemsli.at\/index.php\/wp-json\/wp\/v2\/pages\/2217","targetHints":{"allow":["GET"]}}],"collection":[{"href":"https:\/\/www.gemsli.at\/index.php\/wp-json\/wp\/v2\/pages"}],"about":[{"href":"https:\/\/www.gemsli.at\/index.php\/wp-json\/wp\/v2\/types\/page"}],"author":[{"embeddable":true,"href":"https:\/\/www.gemsli.at\/index.php\/wp-json\/wp\/v2\/users\/1"}],"replies":[{"embeddable":true,"href":"https:\/\/www.gemsli.at\/index.php\/wp-json\/wp\/v2\/comments?post=2217"}],"version-history":[{"count":22,"href":"https:\/\/www.gemsli.at\/index.php\/wp-json\/wp\/v2\/pages\/2217\/revisions"}],"predecessor-version":[{"id":3019,"href":"https:\/\/www.gemsli.at\/index.php\/wp-json\/wp\/v2\/pages\/2217\/revisions\/3019"}],"up":[{"embeddable":true,"href":"https:\/\/www.gemsli.at\/index.php\/wp-json\/wp\/v2\/pages\/910"}],"wp:attachment":[{"href":"https:\/\/www.gemsli.at\/index.php\/wp-json\/wp\/v2\/media?parent=2217"}],"curies":[{"name":"wp","href":"https:\/\/api.w.org\/{rel}","templated":true}]}}