{"id":2211,"date":"2024-01-06T21:02:59","date_gmt":"2024-01-06T20:02:59","guid":{"rendered":"https:\/\/www.gemsli.at\/?page_id=2211"},"modified":"2026-01-19T11:55:40","modified_gmt":"2026-01-19T10:55:40","slug":"schnee_genuss-momente-fuer-wanderwomen","status":"publish","type":"page","link":"https:\/\/www.gemsli.at\/index.php\/winterprogramm\/schnee_genuss-momente-fuer-wanderwomen\/","title":{"rendered":"Schnee_Genuss Momente f\u00fcr WANDERWOMEN"},"content":{"rendered":"\n<h2 class=\"wp-block-heading\"><mark style=\"background-color:rgba(0, 0, 0, 0);color:#408ebf\" class=\"has-inline-color\">Frauen Power Schneeschuhtour\/Winterwanderung<\/mark><\/h2>\n\n\n\n<p><strong>Termine<\/strong> \u2013 individuell auf Anfrage<br><strong>Wintersaison Dezember bis April<\/strong><br><em>Routenwahl felxibel \u2013 geeignet f\u00fcr Anf\u00e4nger:innen und Fortgeschrittene<\/em><\/p>\n\n\n\n<h3 class=\"wp-block-heading\">Du wolltest schon immer mit anderen bergverliebten Frauen eine \u201eGaudi\u201c haben?<\/h3>\n\n\n\n<p>Dann ist diese Tour genau das Richtige f\u00fcr dich.<br>Spa\u00df, Freude und Genuss stehen dabei im Vordergrund.<\/p>\n\n\n\n<p>Wir wandern am Sonnenbalkon Bartholom\u00e4berg \u2013 je nach Schneelage mit Schneeschuhen oder als Winterwanderung \u2013 und genie\u00dfen die wundersch\u00f6ne Bergkulisse mit ihren einzigartigen Momenten.<\/p>\n\n\n\n<p>Zum Abschluss bestaunen wir gemeinsam den Sonnenuntergang an der Feuerschale bei unserem Montafoner Bauernhaus, schl\u00fcrfen ein w\u00e4rmendes Getr\u00e4nk und lassen uns mit einer kleinen St\u00e4rkung verw\u00f6hnen.<\/p>\n\n\n\n<figure class=\"wp-block-image\"><img loading=\"lazy\" decoding=\"async\" width=\"1024\" height=\"575\" src=\"https:\/\/www.gemsli.at\/wp-content\/uploads\/2024\/01\/IMG_6863-1024x575.jpg\" alt=\"\" class=\"wp-image-2198\" srcset=\"https:\/\/www.gemsli.at\/wp-content\/uploads\/2024\/01\/IMG_6863-1024x575.jpg 1024w, https:\/\/www.gemsli.at\/wp-content\/uploads\/2024\/01\/IMG_6863-300x169.jpg 300w, https:\/\/www.gemsli.at\/wp-content\/uploads\/2024\/01\/IMG_6863-768x431.jpg 768w, https:\/\/www.gemsli.at\/wp-content\/uploads\/2024\/01\/IMG_6863-1536x863.jpg 1536w, https:\/\/www.gemsli.at\/wp-content\/uploads\/2024\/01\/IMG_6863-2048x1150.jpg 2048w\" sizes=\"auto, (max-width: 767px) 89vw, (max-width: 1000px) 54vw, (max-width: 1071px) 543px, 580px\" \/><\/figure>\n\n\n\n<figure class=\"wp-block-image size-large is-resized\"><img loading=\"lazy\" decoding=\"async\" width=\"1024\" height=\"768\" src=\"https:\/\/www.gemsli.at\/wp-content\/uploads\/2024\/01\/IMG-20230204-WA0027-2-1024x768.jpg\" alt=\"\" class=\"wp-image-2246\" style=\"width:673px;height:504px\" srcset=\"https:\/\/www.gemsli.at\/wp-content\/uploads\/2024\/01\/IMG-20230204-WA0027-2-1024x768.jpg 1024w, https:\/\/www.gemsli.at\/wp-content\/uploads\/2024\/01\/IMG-20230204-WA0027-2-300x225.jpg 300w, https:\/\/www.gemsli.at\/wp-content\/uploads\/2024\/01\/IMG-20230204-WA0027-2-768x576.jpg 768w, https:\/\/www.gemsli.at\/wp-content\/uploads\/2024\/01\/IMG-20230204-WA0027-2-1536x1152.jpg 1536w, https:\/\/www.gemsli.at\/wp-content\/uploads\/2024\/01\/IMG-20230204-WA0027-2.jpg 2048w\" sizes=\"auto, (max-width: 767px) 89vw, (max-width: 1000px) 54vw, (max-width: 1071px) 543px, 580px\" \/><\/figure>\n\n\n\n<p><strong>Anforderungen:<\/strong><br>Keine Vorkenntnis im Schneeschuhwandern\/Winterwandern n\u00f6tig, die Tour ist f\u00fcr Anf\u00e4nger und Fortgeschrittene geeignet.<br>Festes wasserdichtes Schuhwerk, warme Sportbekleidung, Tee.<br><strong>Ausr\u00fcstung<\/strong>: evtl. Schneeschuhe und St\u00f6cke &#8211; Alles kannst du nat\u00fcrlich \u00fcber mich ausleihen.<\/p>\n\n\n\n<p><strong>Treffpunkt bei Voranmeldung: <\/strong>13:00 Uhr Bushaltestelle Barockkirche Bartholom\u00e4berg<br><strong>Dauer:<\/strong> ca. 4 Stunden<br><strong>Preis:<\/strong> \u20ac 79,00<\/p>\n\n\n\n<div class=\"wp-block-buttons is-layout-flex wp-block-buttons-is-layout-flex\">\n<div class=\"wp-block-button\"><a class=\"wp-block-button__link has-background wp-element-button\" href=\"mailto:alpenerleben@gemsli.at?subject=Schnee_Genuss%20Momente %20f\u00fcr%20Wanderwomen\" style=\"background-color:#408ebf\" target=\"_blank\" rel=\"noreferrer noopener\">Anfrage\/Anmeldung per E-Mail an \u2018gemsli<\/a><\/div>\n<\/div>\n\n\n\n<p>*) Die angegebenen Preise gelten ab einer Teilnahme von 4 Personen. Ich fu\u0308hre<br>Kleingruppen gerne auf Anfrage.<\/p>\n","protected":false},"excerpt":{"rendered":"<p>Frauen Power Schneeschuhtour\/Winterwanderung Termine \u2013 individuell auf AnfrageWintersaison Dezember bis AprilRoutenwahl felxibel \u2013 geeignet f\u00fcr Anf\u00e4nger:innen und Fortgeschrittene Du wolltest schon immer mit anderen bergverliebten Frauen eine \u201eGaudi\u201c haben? Dann ist diese Tour genau das Richtige f\u00fcr dich.Spa\u00df, Freude und Genuss stehen dabei im Vordergrund. Wir wandern am Sonnenbalkon Bartholom\u00e4berg \u2013 je nach Schneelage mit &hellip; <\/p>\n<p class=\"link-more\"><a href=\"https:\/\/www.gemsli.at\/index.php\/winterprogramm\/schnee_genuss-momente-fuer-wanderwomen\/\" class=\"more-link\">Continue reading<span class=\"screen-reader-text\"> &#8222;Schnee_Genuss Momente f\u00fcr WANDERWOMEN&#8220;<\/span><\/a><\/p>\n","protected":false},"author":1,"featured_media":0,"parent":910,"menu_order":0,"comment_status":"closed","ping_status":"closed","template":"","meta":{"footnotes":""},"class_list":["post-2211","page","type-page","status-publish","hentry"],"_links":{"self":[{"href":"https:\/\/www.gemsli.at\/index.php\/wp-json\/wp\/v2\/pages\/2211","targetHints":{"allow":["GET"]}}],"collection":[{"href":"https:\/\/www.gemsli.at\/index.php\/wp-json\/wp\/v2\/pages"}],"about":[{"href":"https:\/\/www.gemsli.at\/index.php\/wp-json\/wp\/v2\/types\/page"}],"author":[{"embeddable":true,"href":"https:\/\/www.gemsli.at\/index.php\/wp-json\/wp\/v2\/users\/1"}],"replies":[{"embeddable":true,"href":"https:\/\/www.gemsli.at\/index.php\/wp-json\/wp\/v2\/comments?post=2211"}],"version-history":[{"count":15,"href":"https:\/\/www.gemsli.at\/index.php\/wp-json\/wp\/v2\/pages\/2211\/revisions"}],"predecessor-version":[{"id":3018,"href":"https:\/\/www.gemsli.at\/index.php\/wp-json\/wp\/v2\/pages\/2211\/revisions\/3018"}],"up":[{"embeddable":true,"href":"https:\/\/www.gemsli.at\/index.php\/wp-json\/wp\/v2\/pages\/910"}],"wp:attachment":[{"href":"https:\/\/www.gemsli.at\/index.php\/wp-json\/wp\/v2\/media?parent=2211"}],"curies":[{"name":"wp","href":"https:\/\/api.w.org\/{rel}","templated":true}]}}