{"id":1403,"date":"2022-01-25T22:25:33","date_gmt":"2022-01-25T21:25:33","guid":{"rendered":"https:\/\/www.gemsli.at\/?page_id=1403"},"modified":"2023-01-23T12:27:25","modified_gmt":"2023-01-23T11:27:25","slug":"alpenhof-gemsli-ferienunterkunft","status":"publish","type":"page","link":"https:\/\/www.gemsli.at\/index.php\/partner\/alpenhof-gemsli-ferienunterkunft\/","title":{"rendered":"Alpenhof Gemsli \/ Haus Loretz"},"content":{"rendered":"\n<p><strong>Aussichtsreiches Alpengenie\u00dfen<\/strong><br>Urlauben am Sonnenbalkon Bartholom\u00e4berg, im einfach gem\u00fctlichen Bauernhaus von Frieda und Benedikt Loretz, am B\u00fchel ob W\u00fcrfel.<\/p>\n\n\n\n<figure class=\"wp-block-gallery has-nested-images columns-1 is-cropped wp-block-gallery-1 is-layout-flex wp-block-gallery-is-layout-flex\">\n<figure class=\"wp-block-image size-large\"><img loading=\"lazy\" decoding=\"async\" width=\"1024\" height=\"768\" data-id=\"1468\" src=\"https:\/\/www.gemsli.at\/wp-content\/uploads\/2022\/02\/Alpenhof-gemsli-Unterkunft_Sommer-1024x768.jpg\" alt=\"\" class=\"wp-image-1468\" srcset=\"https:\/\/www.gemsli.at\/wp-content\/uploads\/2022\/02\/Alpenhof-gemsli-Unterkunft_Sommer-1024x768.jpg 1024w, https:\/\/www.gemsli.at\/wp-content\/uploads\/2022\/02\/Alpenhof-gemsli-Unterkunft_Sommer-300x225.jpg 300w, https:\/\/www.gemsli.at\/wp-content\/uploads\/2022\/02\/Alpenhof-gemsli-Unterkunft_Sommer-768x576.jpg 768w, https:\/\/www.gemsli.at\/wp-content\/uploads\/2022\/02\/Alpenhof-gemsli-Unterkunft_Sommer-1536x1152.jpg 1536w, https:\/\/www.gemsli.at\/wp-content\/uploads\/2022\/02\/Alpenhof-gemsli-Unterkunft_Sommer-2048x1536.jpg 2048w\" sizes=\"auto, (max-width: 767px) 89vw, (max-width: 1000px) 54vw, (max-width: 1071px) 543px, 580px\" \/><\/figure>\n\n\n\n<figure class=\"wp-block-image size-large\"><img loading=\"lazy\" decoding=\"async\" width=\"1024\" height=\"768\" data-id=\"1469\" src=\"https:\/\/www.gemsli.at\/wp-content\/uploads\/2022\/02\/Alpenhof-gemsli-Unterkunft_Skispur-1024x768.jpeg\" alt=\"\" class=\"wp-image-1469\" srcset=\"https:\/\/www.gemsli.at\/wp-content\/uploads\/2022\/02\/Alpenhof-gemsli-Unterkunft_Skispur-1024x768.jpeg 1024w, https:\/\/www.gemsli.at\/wp-content\/uploads\/2022\/02\/Alpenhof-gemsli-Unterkunft_Skispur-300x225.jpeg 300w, https:\/\/www.gemsli.at\/wp-content\/uploads\/2022\/02\/Alpenhof-gemsli-Unterkunft_Skispur-768x576.jpeg 768w, https:\/\/www.gemsli.at\/wp-content\/uploads\/2022\/02\/Alpenhof-gemsli-Unterkunft_Skispur-1536x1152.jpeg 1536w, https:\/\/www.gemsli.at\/wp-content\/uploads\/2022\/02\/Alpenhof-gemsli-Unterkunft_Skispur.jpeg 1600w\" sizes=\"auto, (max-width: 767px) 89vw, (max-width: 1000px) 54vw, (max-width: 1071px) 543px, 580px\" \/><\/figure>\n<\/figure>\n\n\n\n<p>Sch\u00f6nes Montafoner Bauernhaus mit zwei netten Ferienwohnungen f\u00fcr zwei bis zu f\u00fcnf Personen. <\/p>\n\n\n\n<p>Ruhige sonnige Berglage, herrlicher Ausblick auf das Bergpanorama des R\u00e4tikon. Sichere asphaltierte Zufahrt, nahegelegene Ski- und Wanderbushaltestelle Bartholom\u00e4berg Blaschis.<\/p>\n\n\n\n<p>Ein erholsamer Entspannungsort f\u00fcr ruhige, gepflegte Ferieng\u00e4ste ohne Haustierbegleitung. Idealer Ausgangspunkt f\u00fcr ganzj\u00e4hrige Unternehmungen und wanderbares Alpenerleben.<\/p>\n\n\n\n<hr class=\"wp-block-separator has-css-opacity is-style-wide\"\/>\n\n\n\n<div class=\"wp-block-media-text alignwide is-stacked-on-mobile is-image-fill\"><figure class=\"wp-block-media-text__media\" style=\"background-image:url(https:\/\/www.gemsli.at\/wp-content\/uploads\/2022\/02\/Wanderfu\u0308hrerin_Anna-Peiker.jpg);background-position:48% 67%\"><img loading=\"lazy\" decoding=\"async\" width=\"768\" height=\"1024\" src=\"https:\/\/www.gemsli.at\/wp-content\/uploads\/2022\/02\/Wanderfu\u0308hrerin_Anna-Peiker.jpg\" alt=\"\" class=\"wp-image-1519 size-full\" srcset=\"https:\/\/www.gemsli.at\/wp-content\/uploads\/2022\/02\/Wanderfu\u0308hrerin_Anna-Peiker.jpg 768w, https:\/\/www.gemsli.at\/wp-content\/uploads\/2022\/02\/Wanderfu\u0308hrerin_Anna-Peiker-225x300.jpg 225w\" sizes=\"auto, (max-width: 767px) 89vw, (max-width: 1000px) 54vw, (max-width: 1071px) 543px, 580px\" \/><\/figure><div class=\"wp-block-media-text__content\">\n<p><\/p>\n\n\n\n<p class=\"has-normal-font-size\">Ausk\u00fcnfte bei Gastgeberin und Wanderf\u00fchrerin<br><strong>Anna Peiker<\/strong><br>+43 676 76 34 275<br><a rel=\"noreferrer noopener\" href=\"mailto:anna.peiker@vol.at\" target=\"_blank\">anna.peiker@vol.at<\/a><\/p>\n\n\n\n<p>B\u00e4rgerstra\u00dfe 3<br>6781 Bartholom\u00e4berg<br>Vorarlberg &#8211; Montafon &#8211; \u00d6sterreich<\/p>\n<\/div><\/div>\n\n\n\n<hr class=\"wp-block-separator has-css-opacity is-style-wide\"\/>\n\n\n\n<h1 class=\"wp-block-heading\">Ferienwohnungen im Alpenhof Gemsli<\/h1>\n\n\n\n<p>Gr\u00fca\u00df Di und herzlich Willkommen in meinem einfach gem\u00fctlichen Montafoner Bauernhaus am Bartholom\u00e4berg, in dem meine G\u00e4ste entspannte, erholsame Urlaubstage vor der beeindruckenden Bergkulisse des R\u00e4tikon genie\u00dfen.<\/p>\n\n\n\n<figure class=\"wp-block-gallery has-nested-images columns-2 is-cropped wp-block-gallery-2 is-layout-flex wp-block-gallery-is-layout-flex\">\n<figure class=\"wp-block-image size-large\"><img loading=\"lazy\" decoding=\"async\" width=\"1024\" height=\"768\" data-id=\"1471\" src=\"https:\/\/www.gemsli.at\/wp-content\/uploads\/2022\/02\/Alpenhof-gemsli-Haus_willkommen-a-1024x768.jpg\" alt=\"\" class=\"wp-image-1471\" srcset=\"https:\/\/www.gemsli.at\/wp-content\/uploads\/2022\/02\/Alpenhof-gemsli-Haus_willkommen-a-1024x768.jpg 1024w, https:\/\/www.gemsli.at\/wp-content\/uploads\/2022\/02\/Alpenhof-gemsli-Haus_willkommen-a-300x225.jpg 300w, https:\/\/www.gemsli.at\/wp-content\/uploads\/2022\/02\/Alpenhof-gemsli-Haus_willkommen-a-768x576.jpg 768w, https:\/\/www.gemsli.at\/wp-content\/uploads\/2022\/02\/Alpenhof-gemsli-Haus_willkommen-a-1536x1152.jpg 1536w, https:\/\/www.gemsli.at\/wp-content\/uploads\/2022\/02\/Alpenhof-gemsli-Haus_willkommen-a-2048x1536.jpg 2048w\" sizes=\"auto, (max-width: 767px) 89vw, (max-width: 1000px) 54vw, (max-width: 1071px) 543px, 580px\" \/><\/figure>\n\n\n\n<figure class=\"wp-block-image size-large\"><img loading=\"lazy\" decoding=\"async\" width=\"1024\" height=\"768\" data-id=\"1472\" src=\"https:\/\/www.gemsli.at\/wp-content\/uploads\/2022\/02\/Alpenhof-gemsli-Haus_willkommen-b-1024x768.jpg\" alt=\"\" class=\"wp-image-1472\" srcset=\"https:\/\/www.gemsli.at\/wp-content\/uploads\/2022\/02\/Alpenhof-gemsli-Haus_willkommen-b-1024x768.jpg 1024w, https:\/\/www.gemsli.at\/wp-content\/uploads\/2022\/02\/Alpenhof-gemsli-Haus_willkommen-b-300x225.jpg 300w, https:\/\/www.gemsli.at\/wp-content\/uploads\/2022\/02\/Alpenhof-gemsli-Haus_willkommen-b-768x576.jpg 768w, https:\/\/www.gemsli.at\/wp-content\/uploads\/2022\/02\/Alpenhof-gemsli-Haus_willkommen-b-1536x1152.jpg 1536w, https:\/\/www.gemsli.at\/wp-content\/uploads\/2022\/02\/Alpenhof-gemsli-Haus_willkommen-b-2048x1536.jpg 2048w\" sizes=\"auto, (max-width: 767px) 89vw, (max-width: 1000px) 54vw, (max-width: 1071px) 543px, 580px\" \/><\/figure>\n\n\n\n<figure class=\"wp-block-image size-large\"><img loading=\"lazy\" decoding=\"async\" width=\"1024\" height=\"768\" data-id=\"1473\" src=\"https:\/\/www.gemsli.at\/wp-content\/uploads\/2022\/02\/Alpenhof-gemsli-Haus_willkommen-c-1024x768.jpg\" alt=\"\" class=\"wp-image-1473\" srcset=\"https:\/\/www.gemsli.at\/wp-content\/uploads\/2022\/02\/Alpenhof-gemsli-Haus_willkommen-c-1024x768.jpg 1024w, https:\/\/www.gemsli.at\/wp-content\/uploads\/2022\/02\/Alpenhof-gemsli-Haus_willkommen-c-300x225.jpg 300w, https:\/\/www.gemsli.at\/wp-content\/uploads\/2022\/02\/Alpenhof-gemsli-Haus_willkommen-c-768x576.jpg 768w, https:\/\/www.gemsli.at\/wp-content\/uploads\/2022\/02\/Alpenhof-gemsli-Haus_willkommen-c-1536x1152.jpg 1536w, https:\/\/www.gemsli.at\/wp-content\/uploads\/2022\/02\/Alpenhof-gemsli-Haus_willkommen-c-2048x1536.jpg 2048w\" sizes=\"auto, (max-width: 767px) 89vw, (max-width: 1000px) 54vw, (max-width: 1071px) 543px, 580px\" \/><\/figure>\n\n\n\n<figure class=\"wp-block-image size-large\"><img loading=\"lazy\" decoding=\"async\" width=\"1024\" height=\"765\" data-id=\"1477\" src=\"https:\/\/www.gemsli.at\/wp-content\/uploads\/2022\/02\/Alpenhof-gemsli-FW-10_geniessen-1024x765.jpg\" alt=\"\" class=\"wp-image-1477\" srcset=\"https:\/\/www.gemsli.at\/wp-content\/uploads\/2022\/02\/Alpenhof-gemsli-FW-10_geniessen-1024x765.jpg 1024w, https:\/\/www.gemsli.at\/wp-content\/uploads\/2022\/02\/Alpenhof-gemsli-FW-10_geniessen-300x224.jpg 300w, https:\/\/www.gemsli.at\/wp-content\/uploads\/2022\/02\/Alpenhof-gemsli-FW-10_geniessen-768x574.jpg 768w, https:\/\/www.gemsli.at\/wp-content\/uploads\/2022\/02\/Alpenhof-gemsli-FW-10_geniessen-1536x1147.jpg 1536w, https:\/\/www.gemsli.at\/wp-content\/uploads\/2022\/02\/Alpenhof-gemsli-FW-10_geniessen-2048x1530.jpg 2048w\" sizes=\"auto, (max-width: 767px) 89vw, (max-width: 1000px) 54vw, (max-width: 1071px) 543px, 580px\" \/><\/figure>\n<\/figure>\n\n\n\n<hr class=\"wp-block-separator has-css-opacity is-style-wide\"\/>\n\n\n\n<h2 class=\"wp-block-heading\"><strong>Ferienwohnung &#8222;Benedikt&#8220;<\/strong><br>Unterkunft f\u00fcr 2 bis 5 Personen<\/h2>\n\n\n\n<p>Einfach gem\u00fctliche Unterkunft f\u00fcr zwei Personen, mit Wohn-\/Schlafraum, Esszimmer\/K\u00fcche und Dusche\/WC. F\u00fcr drei weitere Personen ist die Unterbringung im angrenzenden Doppel- und Einbettzimmer und einem weiteren Etagen WC m\u00f6glich.&nbsp;<\/p>\n\n\n\n<p>Alle Zimmer mit eigenem Zugang zum gro\u00dfz\u00fcgigen S\u00fcdbalkon.<\/p>\n\n\n\n<figure class=\"wp-block-gallery has-nested-images columns-default is-cropped wp-block-gallery-3 is-layout-flex wp-block-gallery-is-layout-flex\">\n<figure class=\"wp-block-image size-large\"><img loading=\"lazy\" decoding=\"async\" width=\"1024\" height=\"768\" data-id=\"1485\" src=\"https:\/\/www.gemsli.at\/wp-content\/uploads\/2022\/02\/Alpenhof-gemsli-FW-10_staunen-1024x768.jpg\" alt=\"\" class=\"wp-image-1485\" srcset=\"https:\/\/www.gemsli.at\/wp-content\/uploads\/2022\/02\/Alpenhof-gemsli-FW-10_staunen-1024x768.jpg 1024w, https:\/\/www.gemsli.at\/wp-content\/uploads\/2022\/02\/Alpenhof-gemsli-FW-10_staunen-300x225.jpg 300w, https:\/\/www.gemsli.at\/wp-content\/uploads\/2022\/02\/Alpenhof-gemsli-FW-10_staunen-768x576.jpg 768w, https:\/\/www.gemsli.at\/wp-content\/uploads\/2022\/02\/Alpenhof-gemsli-FW-10_staunen-1536x1152.jpg 1536w, https:\/\/www.gemsli.at\/wp-content\/uploads\/2022\/02\/Alpenhof-gemsli-FW-10_staunen-2048x1536.jpg 2048w\" sizes=\"auto, (max-width: 767px) 89vw, (max-width: 1000px) 54vw, (max-width: 1071px) 543px, 580px\" \/><\/figure>\n\n\n\n<figure class=\"wp-block-image size-large\"><img loading=\"lazy\" decoding=\"async\" width=\"816\" height=\"612\" data-id=\"1478\" src=\"https:\/\/www.gemsli.at\/wp-content\/uploads\/2022\/02\/Alpenhof-gemsli-FW-10_schlafen.jpg\" alt=\"\" class=\"wp-image-1478\" srcset=\"https:\/\/www.gemsli.at\/wp-content\/uploads\/2022\/02\/Alpenhof-gemsli-FW-10_schlafen.jpg 816w, https:\/\/www.gemsli.at\/wp-content\/uploads\/2022\/02\/Alpenhof-gemsli-FW-10_schlafen-300x225.jpg 300w, https:\/\/www.gemsli.at\/wp-content\/uploads\/2022\/02\/Alpenhof-gemsli-FW-10_schlafen-768x576.jpg 768w\" sizes=\"auto, (max-width: 767px) 89vw, (max-width: 1000px) 54vw, (max-width: 1071px) 543px, 580px\" \/><\/figure>\n<\/figure>\n\n\n\n<figure class=\"wp-block-gallery has-nested-images columns-3 is-cropped wp-block-gallery-4 is-layout-flex wp-block-gallery-is-layout-flex\">\n<figure class=\"wp-block-image size-large\"><img loading=\"lazy\" decoding=\"async\" width=\"1024\" height=\"768\" data-id=\"1483\" src=\"https:\/\/www.gemsli.at\/wp-content\/uploads\/2022\/02\/Alpenhof-gemsli-FW-10_duschen_wc-1024x768.jpg\" alt=\"\" class=\"wp-image-1483\" srcset=\"https:\/\/www.gemsli.at\/wp-content\/uploads\/2022\/02\/Alpenhof-gemsli-FW-10_duschen_wc-1024x768.jpg 1024w, https:\/\/www.gemsli.at\/wp-content\/uploads\/2022\/02\/Alpenhof-gemsli-FW-10_duschen_wc-300x225.jpg 300w, https:\/\/www.gemsli.at\/wp-content\/uploads\/2022\/02\/Alpenhof-gemsli-FW-10_duschen_wc-768x576.jpg 768w, https:\/\/www.gemsli.at\/wp-content\/uploads\/2022\/02\/Alpenhof-gemsli-FW-10_duschen_wc-1536x1152.jpg 1536w, https:\/\/www.gemsli.at\/wp-content\/uploads\/2022\/02\/Alpenhof-gemsli-FW-10_duschen_wc-2048x1536.jpg 2048w\" sizes=\"auto, (max-width: 767px) 89vw, (max-width: 1000px) 54vw, (max-width: 1071px) 543px, 580px\" \/><\/figure>\n\n\n\n<figure class=\"wp-block-image size-large\"><img loading=\"lazy\" decoding=\"async\" width=\"1024\" height=\"768\" data-id=\"1479\" src=\"https:\/\/www.gemsli.at\/wp-content\/uploads\/2022\/02\/Alpenhof-gemsli-FW-10_wohnen-1024x768.jpg\" alt=\"\" class=\"wp-image-1479\" srcset=\"https:\/\/www.gemsli.at\/wp-content\/uploads\/2022\/02\/Alpenhof-gemsli-FW-10_wohnen-1024x768.jpg 1024w, https:\/\/www.gemsli.at\/wp-content\/uploads\/2022\/02\/Alpenhof-gemsli-FW-10_wohnen-300x225.jpg 300w, https:\/\/www.gemsli.at\/wp-content\/uploads\/2022\/02\/Alpenhof-gemsli-FW-10_wohnen-768x576.jpg 768w, https:\/\/www.gemsli.at\/wp-content\/uploads\/2022\/02\/Alpenhof-gemsli-FW-10_wohnen-1536x1152.jpg 1536w, https:\/\/www.gemsli.at\/wp-content\/uploads\/2022\/02\/Alpenhof-gemsli-FW-10_wohnen-2048x1536.jpg 2048w\" sizes=\"auto, (max-width: 767px) 89vw, (max-width: 1000px) 54vw, (max-width: 1071px) 543px, 580px\" \/><\/figure>\n\n\n\n<figure class=\"wp-block-image size-large\"><img loading=\"lazy\" decoding=\"async\" width=\"1024\" height=\"768\" data-id=\"1482\" src=\"https:\/\/www.gemsli.at\/wp-content\/uploads\/2022\/02\/Alpenhof-gemsli-FW-10_kochen_essen-1024x768.jpg\" alt=\"\" class=\"wp-image-1482\" srcset=\"https:\/\/www.gemsli.at\/wp-content\/uploads\/2022\/02\/Alpenhof-gemsli-FW-10_kochen_essen-1024x768.jpg 1024w, https:\/\/www.gemsli.at\/wp-content\/uploads\/2022\/02\/Alpenhof-gemsli-FW-10_kochen_essen-300x225.jpg 300w, https:\/\/www.gemsli.at\/wp-content\/uploads\/2022\/02\/Alpenhof-gemsli-FW-10_kochen_essen-768x576.jpg 768w, https:\/\/www.gemsli.at\/wp-content\/uploads\/2022\/02\/Alpenhof-gemsli-FW-10_kochen_essen-1536x1152.jpg 1536w, https:\/\/www.gemsli.at\/wp-content\/uploads\/2022\/02\/Alpenhof-gemsli-FW-10_kochen_essen-2048x1536.jpg 2048w\" sizes=\"auto, (max-width: 767px) 89vw, (max-width: 1000px) 54vw, (max-width: 1071px) 543px, 580px\" \/><\/figure>\n<\/figure>\n\n\n\n<hr class=\"wp-block-separator has-css-opacity is-style-wide\"\/>\n\n\n\n<h2 class=\"wp-block-heading\"><strong>Ferienwohnung \u201eFrieda\u201c<\/strong>&nbsp;<br>Unterkunft f\u00fcr 2 bis 4 Personen<\/h2>\n\n\n\n<p>Einfach gem\u00fctliche Dachgescho\u00dfwohnung f\u00fcr zwei Personen, mit separiertem Wohnraum als Dachstube, Schlafzimmer mit Doppelbett und aussichtsreichem S\u00fcdbalkon, Esszimmer\/K\u00fcche und Dusche\/WC.<br>Zwei weitere Personen haben ihren Schlafplatz mit Einzelbetten im Dachschlupf der Ferienwohnung.<\/p>\n\n\n\n<figure class=\"wp-block-gallery has-nested-images columns-default is-cropped wp-block-gallery-5 is-layout-flex wp-block-gallery-is-layout-flex\">\n<figure class=\"wp-block-image size-large\"><img loading=\"lazy\" decoding=\"async\" width=\"1024\" height=\"768\" data-id=\"1492\" src=\"https:\/\/www.gemsli.at\/wp-content\/uploads\/2022\/02\/Alpenhof-gemsli-FW-20_erholen-1024x768.jpg\" alt=\"\" class=\"wp-image-1492\" srcset=\"https:\/\/www.gemsli.at\/wp-content\/uploads\/2022\/02\/Alpenhof-gemsli-FW-20_erholen-1024x768.jpg 1024w, https:\/\/www.gemsli.at\/wp-content\/uploads\/2022\/02\/Alpenhof-gemsli-FW-20_erholen-300x225.jpg 300w, https:\/\/www.gemsli.at\/wp-content\/uploads\/2022\/02\/Alpenhof-gemsli-FW-20_erholen-768x576.jpg 768w, https:\/\/www.gemsli.at\/wp-content\/uploads\/2022\/02\/Alpenhof-gemsli-FW-20_erholen-1536x1152.jpg 1536w, https:\/\/www.gemsli.at\/wp-content\/uploads\/2022\/02\/Alpenhof-gemsli-FW-20_erholen-2048x1536.jpg 2048w\" sizes=\"auto, (max-width: 767px) 89vw, (max-width: 1000px) 54vw, (max-width: 1071px) 543px, 580px\" \/><\/figure>\n\n\n\n<figure class=\"wp-block-image size-large\"><img loading=\"lazy\" decoding=\"async\" width=\"1024\" height=\"768\" data-id=\"1488\" src=\"https:\/\/www.gemsli.at\/wp-content\/uploads\/2022\/02\/Alpenhof-gemsli-FW-20_schlafen-1a-1024x768.jpg\" alt=\"\" class=\"wp-image-1488\" srcset=\"https:\/\/www.gemsli.at\/wp-content\/uploads\/2022\/02\/Alpenhof-gemsli-FW-20_schlafen-1a-1024x768.jpg 1024w, https:\/\/www.gemsli.at\/wp-content\/uploads\/2022\/02\/Alpenhof-gemsli-FW-20_schlafen-1a-300x225.jpg 300w, https:\/\/www.gemsli.at\/wp-content\/uploads\/2022\/02\/Alpenhof-gemsli-FW-20_schlafen-1a-768x576.jpg 768w, https:\/\/www.gemsli.at\/wp-content\/uploads\/2022\/02\/Alpenhof-gemsli-FW-20_schlafen-1a-1536x1152.jpg 1536w, https:\/\/www.gemsli.at\/wp-content\/uploads\/2022\/02\/Alpenhof-gemsli-FW-20_schlafen-1a-2048x1536.jpg 2048w\" sizes=\"auto, (max-width: 767px) 89vw, (max-width: 1000px) 54vw, (max-width: 1071px) 543px, 580px\" \/><\/figure>\n<\/figure>\n\n\n\n<figure class=\"wp-block-gallery has-nested-images columns-default is-cropped wp-block-gallery-6 is-layout-flex wp-block-gallery-is-layout-flex\">\n<figure class=\"wp-block-image size-large\"><img loading=\"lazy\" decoding=\"async\" width=\"1024\" height=\"768\" data-id=\"1490\" src=\"https:\/\/www.gemsli.at\/wp-content\/uploads\/2022\/02\/Alpenhof-gemsli-FW-22_schlafen-2b-1024x768.jpg\" alt=\"\" class=\"wp-image-1490\" srcset=\"https:\/\/www.gemsli.at\/wp-content\/uploads\/2022\/02\/Alpenhof-gemsli-FW-22_schlafen-2b-1024x768.jpg 1024w, https:\/\/www.gemsli.at\/wp-content\/uploads\/2022\/02\/Alpenhof-gemsli-FW-22_schlafen-2b-300x225.jpg 300w, https:\/\/www.gemsli.at\/wp-content\/uploads\/2022\/02\/Alpenhof-gemsli-FW-22_schlafen-2b-768x576.jpg 768w, https:\/\/www.gemsli.at\/wp-content\/uploads\/2022\/02\/Alpenhof-gemsli-FW-22_schlafen-2b-1536x1152.jpg 1536w, https:\/\/www.gemsli.at\/wp-content\/uploads\/2022\/02\/Alpenhof-gemsli-FW-22_schlafen-2b-2048x1536.jpg 2048w\" sizes=\"auto, (max-width: 767px) 89vw, (max-width: 1000px) 54vw, (max-width: 1071px) 543px, 580px\" \/><\/figure>\n\n\n\n<figure class=\"wp-block-image size-large\"><img loading=\"lazy\" decoding=\"async\" width=\"1024\" height=\"768\" data-id=\"1491\" src=\"https:\/\/www.gemsli.at\/wp-content\/uploads\/2022\/02\/Alpenhof-gemsli-FW-22_schlafen-2a-1024x768.jpg\" alt=\"\" class=\"wp-image-1491\" srcset=\"https:\/\/www.gemsli.at\/wp-content\/uploads\/2022\/02\/Alpenhof-gemsli-FW-22_schlafen-2a-1024x768.jpg 1024w, https:\/\/www.gemsli.at\/wp-content\/uploads\/2022\/02\/Alpenhof-gemsli-FW-22_schlafen-2a-300x225.jpg 300w, https:\/\/www.gemsli.at\/wp-content\/uploads\/2022\/02\/Alpenhof-gemsli-FW-22_schlafen-2a-768x576.jpg 768w, https:\/\/www.gemsli.at\/wp-content\/uploads\/2022\/02\/Alpenhof-gemsli-FW-22_schlafen-2a-1536x1152.jpg 1536w, https:\/\/www.gemsli.at\/wp-content\/uploads\/2022\/02\/Alpenhof-gemsli-FW-22_schlafen-2a-2048x1536.jpg 2048w\" sizes=\"auto, (max-width: 767px) 89vw, (max-width: 1000px) 54vw, (max-width: 1071px) 543px, 580px\" \/><\/figure>\n\n\n\n<figure class=\"wp-block-image size-large\"><img loading=\"lazy\" decoding=\"async\" width=\"1024\" height=\"768\" data-id=\"1487\" src=\"https:\/\/www.gemsli.at\/wp-content\/uploads\/2022\/02\/Alpenhof-gemsli-FW-20_essen-1024x768.jpg\" alt=\"\" class=\"wp-image-1487\" srcset=\"https:\/\/www.gemsli.at\/wp-content\/uploads\/2022\/02\/Alpenhof-gemsli-FW-20_essen-1024x768.jpg 1024w, https:\/\/www.gemsli.at\/wp-content\/uploads\/2022\/02\/Alpenhof-gemsli-FW-20_essen-300x225.jpg 300w, https:\/\/www.gemsli.at\/wp-content\/uploads\/2022\/02\/Alpenhof-gemsli-FW-20_essen-768x576.jpg 768w, https:\/\/www.gemsli.at\/wp-content\/uploads\/2022\/02\/Alpenhof-gemsli-FW-20_essen-1536x1152.jpg 1536w, https:\/\/www.gemsli.at\/wp-content\/uploads\/2022\/02\/Alpenhof-gemsli-FW-20_essen-2048x1536.jpg 2048w\" sizes=\"auto, (max-width: 767px) 89vw, (max-width: 1000px) 54vw, (max-width: 1071px) 543px, 580px\" \/><\/figure>\n\n\n\n<figure class=\"wp-block-image size-large\"><img loading=\"lazy\" decoding=\"async\" width=\"1024\" height=\"768\" data-id=\"1489\" src=\"https:\/\/www.gemsli.at\/wp-content\/uploads\/2022\/02\/Alpenhof-gemsli-FW-21_wohnen-b-1024x768.jpg\" alt=\"\" class=\"wp-image-1489\" srcset=\"https:\/\/www.gemsli.at\/wp-content\/uploads\/2022\/02\/Alpenhof-gemsli-FW-21_wohnen-b-1024x768.jpg 1024w, https:\/\/www.gemsli.at\/wp-content\/uploads\/2022\/02\/Alpenhof-gemsli-FW-21_wohnen-b-300x225.jpg 300w, https:\/\/www.gemsli.at\/wp-content\/uploads\/2022\/02\/Alpenhof-gemsli-FW-21_wohnen-b-768x576.jpg 768w, https:\/\/www.gemsli.at\/wp-content\/uploads\/2022\/02\/Alpenhof-gemsli-FW-21_wohnen-b-1536x1152.jpg 1536w, https:\/\/www.gemsli.at\/wp-content\/uploads\/2022\/02\/Alpenhof-gemsli-FW-21_wohnen-b-2048x1536.jpg 2048w\" sizes=\"auto, (max-width: 767px) 89vw, (max-width: 1000px) 54vw, (max-width: 1071px) 543px, 580px\" \/><\/figure>\n\n\n\n<figure class=\"wp-block-image size-large\"><img loading=\"lazy\" decoding=\"async\" width=\"1024\" height=\"768\" data-id=\"1486\" src=\"https:\/\/www.gemsli.at\/wp-content\/uploads\/2022\/02\/Alpenhof-gemsli-FW-20_kochen-1024x768.jpg\" alt=\"\" class=\"wp-image-1486\" srcset=\"https:\/\/www.gemsli.at\/wp-content\/uploads\/2022\/02\/Alpenhof-gemsli-FW-20_kochen-1024x768.jpg 1024w, https:\/\/www.gemsli.at\/wp-content\/uploads\/2022\/02\/Alpenhof-gemsli-FW-20_kochen-300x225.jpg 300w, https:\/\/www.gemsli.at\/wp-content\/uploads\/2022\/02\/Alpenhof-gemsli-FW-20_kochen-768x576.jpg 768w, https:\/\/www.gemsli.at\/wp-content\/uploads\/2022\/02\/Alpenhof-gemsli-FW-20_kochen-1536x1152.jpg 1536w, https:\/\/www.gemsli.at\/wp-content\/uploads\/2022\/02\/Alpenhof-gemsli-FW-20_kochen-2048x1536.jpg 2048w\" sizes=\"auto, (max-width: 767px) 89vw, (max-width: 1000px) 54vw, (max-width: 1071px) 543px, 580px\" \/><\/figure>\n<\/figure>\n\n\n\n<hr class=\"wp-block-separator has-css-opacity is-style-wide\"\/>\n\n\n\n<div class=\"wp-block-media-text alignwide is-stacked-on-mobile is-vertically-aligned-bottom is-image-fill\"><figure class=\"wp-block-media-text__media\" style=\"background-image:url(https:\/\/www.gemsli.at\/wp-content\/uploads\/2022\/02\/Alpenhof-gemsli-Gastgeberin_Anna-Peiker-768x1024.jpg);background-position:52% 55.00000000000001%\"><img loading=\"lazy\" decoding=\"async\" width=\"768\" height=\"1024\" src=\"https:\/\/www.gemsli.at\/wp-content\/uploads\/2022\/02\/Alpenhof-gemsli-Gastgeberin_Anna-Peiker-768x1024.jpg\" alt=\"\" class=\"wp-image-1518 size-full\" srcset=\"https:\/\/www.gemsli.at\/wp-content\/uploads\/2022\/02\/Alpenhof-gemsli-Gastgeberin_Anna-Peiker-768x1024.jpg 768w, https:\/\/www.gemsli.at\/wp-content\/uploads\/2022\/02\/Alpenhof-gemsli-Gastgeberin_Anna-Peiker-225x300.jpg 225w, https:\/\/www.gemsli.at\/wp-content\/uploads\/2022\/02\/Alpenhof-gemsli-Gastgeberin_Anna-Peiker-1152x1536.jpg 1152w, https:\/\/www.gemsli.at\/wp-content\/uploads\/2022\/02\/Alpenhof-gemsli-Gastgeberin_Anna-Peiker.jpg 1536w\" sizes=\"auto, (max-width: 767px) 89vw, (max-width: 1000px) 54vw, (max-width: 1071px) 543px, 580px\" \/><\/figure><div class=\"wp-block-media-text__content\">\n<p><\/p>\n\n\n\n<p>Ich freue mich auf <a rel=\"noreferrer noopener\" href=\"mailto:anna.peiker@vol.at\" target=\"_blank\">Deine Anfrage<\/a><\/p>\n<\/div><\/div>\n\n\n\n<pre class=\"wp-block-verse\">Die g\u00fcnstige Lage machte Bartholom\u00e4berg zum Ausgangspunkt der Besiedlung des Montafons. Hier, am hochwassersicheren S\u00fcdhang mit seiner gro\u00dfen Anzahl an Sonnentagen fanden die Menschen bereits in pr\u00e4historischer Zeit ideale Lebensbedingungen. Wann genau erstmals Menschen am Bartholom\u00e4berg lebten und woher sie kamen, wissen wir nicht. Sicherlich schon nach dem Ende der letzten Eiszeit streiften mesolithische J\u00e4ger und Sammler durch das heutige Gemeindegebiet und folgten dabei dem Jagdwild weit in die H\u00f6he.&nbsp;\n\nHier erfahrt Ihr mehr \u00fcber die&nbsp;<a rel=\"noreferrer noopener\" href=\"https:\/\/www.bartholomaeberg.at\/Interessantes_aus_der_Geschichte_und_neue_geschichtliche_Erkenntnisse\" target=\"_blank\">Ortsgeschichte<\/a>&nbsp;der Gemeinde Bartholom\u00e4berg<\/pre>\n","protected":false},"excerpt":{"rendered":"<p>Aussichtsreiches Alpengenie\u00dfenUrlauben am Sonnenbalkon Bartholom\u00e4berg, im einfach gem\u00fctlichen Bauernhaus von Frieda und Benedikt Loretz, am B\u00fchel ob W\u00fcrfel. Sch\u00f6nes Montafoner Bauernhaus mit zwei netten Ferienwohnungen f\u00fcr zwei bis zu f\u00fcnf Personen. Ruhige sonnige Berglage, herrlicher Ausblick auf das Bergpanorama des R\u00e4tikon. Sichere asphaltierte Zufahrt, nahegelegene Ski- und Wanderbushaltestelle Bartholom\u00e4berg Blaschis. Ein erholsamer Entspannungsort f\u00fcr ruhige, &hellip; <\/p>\n<p class=\"link-more\"><a href=\"https:\/\/www.gemsli.at\/index.php\/partner\/alpenhof-gemsli-ferienunterkunft\/\" class=\"more-link\">Continue reading<span class=\"screen-reader-text\"> &#8222;Alpenhof Gemsli \/ Haus Loretz&#8220;<\/span><\/a><\/p>\n","protected":false},"author":1,"featured_media":1467,"parent":1217,"menu_order":0,"comment_status":"closed","ping_status":"closed","template":"","meta":{"footnotes":""},"class_list":["post-1403","page","type-page","status-publish","has-post-thumbnail","hentry"],"_links":{"self":[{"href":"https:\/\/www.gemsli.at\/index.php\/wp-json\/wp\/v2\/pages\/1403","targetHints":{"allow":["GET"]}}],"collection":[{"href":"https:\/\/www.gemsli.at\/index.php\/wp-json\/wp\/v2\/pages"}],"about":[{"href":"https:\/\/www.gemsli.at\/index.php\/wp-json\/wp\/v2\/types\/page"}],"author":[{"embeddable":true,"href":"https:\/\/www.gemsli.at\/index.php\/wp-json\/wp\/v2\/users\/1"}],"replies":[{"embeddable":true,"href":"https:\/\/www.gemsli.at\/index.php\/wp-json\/wp\/v2\/comments?post=1403"}],"version-history":[{"count":61,"href":"https:\/\/www.gemsli.at\/index.php\/wp-json\/wp\/v2\/pages\/1403\/revisions"}],"predecessor-version":[{"id":2033,"href":"https:\/\/www.gemsli.at\/index.php\/wp-json\/wp\/v2\/pages\/1403\/revisions\/2033"}],"up":[{"embeddable":true,"href":"https:\/\/www.gemsli.at\/index.php\/wp-json\/wp\/v2\/pages\/1217"}],"wp:featuredmedia":[{"embeddable":true,"href":"https:\/\/www.gemsli.at\/index.php\/wp-json\/wp\/v2\/media\/1467"}],"wp:attachment":[{"href":"https:\/\/www.gemsli.at\/index.php\/wp-json\/wp\/v2\/media?parent=1403"}],"curies":[{"name":"wp","href":"https:\/\/api.w.org\/{rel}","templated":true}]}}